CRAN Package Check Results for Package covidcast

Last updated on 2022-01-23 07:13:55 CET.

Flavor Version Tinstall Tcheck Ttotal Status Flags
r-devel-linux-x86_64-debian-clang 0.4.2 6.24 149.80 156.04 OK
r-devel-linux-x86_64-debian-gcc 0.4.2 6.04 119.91 125.95 OK
r-devel-linux-x86_64-fedora-clang 0.4.2 185.82 NOTE
r-devel-linux-x86_64-fedora-gcc 0.4.2 169.33 NOTE
r-devel-windows-x86_64-new-UL 0.4.2 145.00 236.00 381.00 OK
r-devel-windows-x86_64-new-TK 0.4.2 NOTE
r-patched-linux-x86_64 0.4.2 7.33 145.36 152.69 OK
r-release-linux-x86_64 0.4.2 5.13 145.46 150.59 OK
r-release-macos-arm64 0.4.2 NOTE
r-release-macos-x86_64 0.4.2 NOTE
r-release-windows-ix86+x86_64 0.4.2 16.00 229.00 245.00 OK
r-oldrel-macos-x86_64 0.4.2 NOTE
r-oldrel-windows-ix86+x86_64 0.4.2 16.00 228.00 244.00 OK

Check Details

Version: 0.4.2
Check: data for non-ASCII characters
Result: NOTE
     Note: found 20 marked UTF-8 strings
Flavors: r-devel-linux-x86_64-fedora-clang, r-devel-linux-x86_64-fedora-gcc, r-devel-windows-x86_64-new-TK, r-release-macos-arm64, r-release-macos-x86_64, r-oldrel-macos-x86_64