CRAN Package Check Results for Package covid19.analytics

Last updated on 2022-05-25 07:50:17 CEST.

Flavor Version Tinstall Tcheck Ttotal Status Flags
r-devel-linux-x86_64-debian-clang 2.1.2 17.22 335.24 352.46 OK
r-devel-linux-x86_64-debian-gcc 2.1.2 12.43 227.48 239.91 OK
r-devel-linux-x86_64-fedora-clang 2.1.2 405.00 NOTE
r-devel-linux-x86_64-fedora-gcc 2.1.2 404.71 OK
r-devel-windows-x86_64 2.1.2 296.00 317.00 613.00 NOTE
r-patched-linux-x86_64 2.1.2 10.47 318.46 328.93 OK
r-release-linux-x86_64 2.1.2 OK
r-release-macos-arm64 2.1.2 111.00 NOTE
r-release-macos-x86_64 2.1.2 191.00 NOTE
r-release-windows-x86_64 2.1.2 267.00 328.00 595.00 NOTE
r-oldrel-macos-arm64 2.1.2 110.00 NOTE
r-oldrel-macos-x86_64 2.1.2 135.00 NOTE
r-oldrel-windows-ix86+x86_64 2.1.2 33.00 516.00 549.00 OK

Check Details

Version: 2.1.2
Check: installed package size
Result: NOTE
     installed size is 5.0Mb
     sub-directories of 1Mb or more:
     doc 1.6Mb
     extdata 2.7Mb
Flavors: r-devel-linux-x86_64-fedora-clang, r-devel-windows-x86_64, r-release-macos-arm64, r-release-macos-x86_64, r-release-windows-x86_64, r-oldrel-macos-arm64, r-oldrel-macos-x86_64