Last updated on 2022-08-19 06:52:20 CEST.
Flavor | Version | Tinstall | Tcheck | Ttotal | Status | Flags |
---|---|---|---|---|---|---|
r-devel-linux-x86_64-debian-clang | 1.2.0 | 22.40 | 98.01 | 120.41 | NOTE | |
r-devel-linux-x86_64-debian-gcc | 1.2.0 | 16.22 | 75.24 | 91.46 | NOTE | |
r-devel-linux-x86_64-fedora-clang | 1.2.0 | 153.60 | NOTE | |||
r-devel-linux-x86_64-fedora-gcc | 1.2.0 | 157.38 | NOTE | |||
r-devel-windows-x86_64 | 1.2.0 | 31.00 | 124.00 | 155.00 | NOTE | |
r-patched-linux-x86_64 | 1.2.0 | 18.81 | 95.71 | 114.52 | OK | |
r-release-linux-x86_64 | 1.2.0 | OK | ||||
r-release-macos-arm64 | 1.2.0 | 39.00 | NOTE | |||
r-release-macos-x86_64 | 1.2.0 | 56.00 | NOTE | |||
r-release-windows-x86_64 | 1.2.0 | 33.00 | 127.00 | 160.00 | OK | |
r-oldrel-macos-arm64 | 1.2.0 | 49.00 | NOTE | |||
r-oldrel-macos-x86_64 | 1.2.0 | 52.00 | NOTE | |||
r-oldrel-windows-ix86+x86_64 | 1.2.0 | 33.00 | 128.00 | 161.00 | OK |
Version: 1.2.0
Check: HTML version of manual
Result: NOTE
Found the following math rendering problems:
couples-class.Rd:95: Can't use function '$' in math mode in $||\mathbf{h}_{1...
couples-class.Rd:99: Can't use function '$' in math mode in $u_{1}^{2\alpha}...
covaprop-class.Rd:46: Can't use function '$' in math mode in C(h,u) - C...
covaprop-class.Rd:52: Can't use function '$' in math mode in C(h, u)/C(...
covaprop-class.Rd:60: Can't use function '$' in math mode in C(h,u)/C(h...
covaprop-class.Rd:62: Can't use function '$' in math mode in C(h,u)/C(h...
covaprop-class.Rd:68: Can't use function '$' in math mode in Af(G)=0$
Flavors: r-devel-linux-x86_64-debian-clang, r-devel-linux-x86_64-debian-gcc, r-devel-linux-x86_64-fedora-clang, r-devel-linux-x86_64-fedora-gcc, r-devel-windows-x86_64
Version: 1.2.0
Check: dependencies in R code
Result: NOTE
Namespace in Imports field not imported from: ‘gstat’
All declared Imports should be used.
Flavors: r-devel-linux-x86_64-fedora-clang, r-devel-linux-x86_64-fedora-gcc, r-release-macos-arm64, r-release-macos-x86_64, r-oldrel-macos-arm64, r-oldrel-macos-x86_64