Last updated on 2022-05-19 07:50:06 CEST.
Flavor | Version | Tinstall | Tcheck | Ttotal | Status | Flags |
---|---|---|---|---|---|---|
r-devel-linux-x86_64-debian-clang | 0.1.4 | 190.69 | 45.29 | 235.98 | NOTE | |
r-devel-linux-x86_64-debian-gcc | 0.1.4 | 141.35 | 35.08 | 176.43 | NOTE | |
r-devel-linux-x86_64-fedora-clang | 0.1.4 | 345.62 | NOTE | |||
r-devel-linux-x86_64-fedora-gcc | 0.1.4 | 298.67 | NOTE | |||
r-devel-windows-x86_64 | 0.1.4 | 150.00 | 79.00 | 229.00 | NOTE | |
r-patched-linux-x86_64 | 0.1.4 | 162.55 | 44.27 | 206.82 | NOTE | |
r-release-linux-x86_64 | 0.1.4 | 153.73 | 43.39 | 197.12 | NOTE | |
r-release-macos-arm64 | 0.1.4 | 64.00 | NOTE | |||
r-release-macos-x86_64 | 0.1.4 | 86.00 | NOTE | |||
r-release-windows-x86_64 | 0.1.4 | 167.00 | 90.00 | 257.00 | NOTE | |
r-oldrel-macos-arm64 | 0.1.4 | 74.00 | NOTE | |||
r-oldrel-macos-x86_64 | 0.1.4 | 134.00 | NOTE | |||
r-oldrel-windows-ix86+x86_64 | 0.1.4 | 469.00 | 90.00 | 559.00 | NOTE |
Version: 0.1.4
Check: LazyData
Result: NOTE
'LazyData' is specified without a 'data' directory
Flavors: r-devel-linux-x86_64-debian-clang, r-devel-linux-x86_64-debian-gcc, r-devel-linux-x86_64-fedora-clang, r-devel-linux-x86_64-fedora-gcc, r-devel-windows-x86_64, r-patched-linux-x86_64, r-release-linux-x86_64, r-release-macos-arm64, r-release-macos-x86_64, r-release-windows-x86_64, r-oldrel-macos-arm64, r-oldrel-macos-x86_64, r-oldrel-windows-ix86+x86_64
Version: 0.1.4
Check: installed package size
Result: NOTE
installed size is 5.2Mb
sub-directories of 1Mb or more:
libs 5.1Mb
Flavor: r-oldrel-macos-arm64