CRAN Package Check Results for Package corrr

Last updated on 2022-01-23 07:13:55 CET.

Flavor Version Tinstall Tcheck Ttotal Status Flags
r-devel-linux-x86_64-debian-clang 0.4.3 5.74 76.70 82.44 NOTE
r-devel-linux-x86_64-debian-gcc 0.4.3 5.12 64.01 69.13 NOTE
r-devel-linux-x86_64-fedora-clang 0.4.3 100.86 NOTE
r-devel-linux-x86_64-fedora-gcc 0.4.3 86.05 NOTE
r-devel-windows-x86_64-new-UL 0.4.3 26.00 106.00 132.00 NOTE
r-devel-windows-x86_64-new-TK 0.4.3 NOTE
r-patched-linux-x86_64 0.4.3 10.54 74.39 84.93 NOTE
r-release-linux-x86_64 0.4.3 4.46 75.14 79.60 NOTE
r-release-macos-arm64 0.4.3 NOTE
r-release-macos-x86_64 0.4.3 NOTE
r-release-windows-ix86+x86_64 0.4.3 14.00 97.00 111.00 NOTE
r-oldrel-macos-x86_64 0.4.3 OK
r-oldrel-windows-ix86+x86_64 0.4.3 14.00 95.00 109.00 OK

Check Details

Version: 0.4.3
Check: LazyData
Result: NOTE
     'LazyData' is specified without a 'data' directory
Flavors: r-devel-linux-x86_64-debian-clang, r-devel-linux-x86_64-debian-gcc, r-devel-linux-x86_64-fedora-clang, r-devel-linux-x86_64-fedora-gcc, r-devel-windows-x86_64-new-UL, r-devel-windows-x86_64-new-TK, r-patched-linux-x86_64, r-release-linux-x86_64, r-release-macos-arm64, r-release-macos-x86_64, r-release-windows-ix86+x86_64