CRAN Package Check Results for Package correlation

Last updated on 2022-01-26 06:50:10 CET.

Flavor Version Tinstall Tcheck Ttotal Status Flags
r-devel-linux-x86_64-debian-clang 0.7.1 3.91 179.29 183.20 OK
r-devel-linux-x86_64-debian-gcc 0.7.1 4.72 127.97 132.69 OK
r-devel-linux-x86_64-fedora-clang 0.7.1 225.45 OK
r-devel-linux-x86_64-fedora-gcc 0.7.1 213.94 OK
r-devel-windows-x86_64-new-UL 0.7.1 115.00 213.00 328.00 OK
r-devel-windows-x86_64-new-TK 0.7.1 NOTE
r-patched-linux-x86_64 0.7.1 8.98 162.25 171.23 OK
r-release-linux-x86_64 0.7.1 5.05 162.60 167.65 OK
r-release-macos-arm64 0.7.1 OK
r-release-macos-x86_64 0.7.1 OK
r-release-windows-ix86+x86_64 0.7.1 14.00 202.00 216.00 OK
r-oldrel-macos-x86_64 0.7.1 OK
r-oldrel-windows-ix86+x86_64 0.7.1 10.00 221.00 231.00 OK

Check Details

Version: 0.7.1
Check: package dependencies
Result: NOTE
    Packages suggested but not available for checking: 'lme4', 'rstanarm'
Flavor: r-devel-windows-x86_64-new-TK