CRAN Package Check Results for Package corpustools

Last updated on 2022-08-13 07:55:18 CEST.

Flavor Version Tinstall Tcheck Ttotal Status Flags
r-devel-linux-x86_64-debian-clang 0.4.10 102.90 186.17 289.07 NOTE
r-devel-linux-x86_64-debian-gcc 0.4.10 80.04 131.20 211.24 NOTE
r-devel-linux-x86_64-fedora-clang 0.4.10 383.32 NOTE
r-devel-linux-x86_64-fedora-gcc 0.4.10 354.57 NOTE
r-devel-windows-x86_64 0.4.10 149.00 221.00 370.00 NOTE
r-patched-linux-x86_64 0.4.10 87.46 166.86 254.32 OK
r-release-linux-x86_64 0.4.10 81.43 166.65 248.08 OK
r-release-macos-arm64 0.4.10 87.00 NOTE
r-release-macos-x86_64 0.4.10 119.00 NOTE
r-release-windows-x86_64 0.4.10 175.00 224.00 399.00 OK
r-oldrel-macos-arm64 0.4.10 83.00 NOTE
r-oldrel-macos-x86_64 0.4.10 115.00 NOTE
r-oldrel-windows-ix86+x86_64 0.4.10 231.00 274.00 505.00 OK

Check Details

Version: 0.4.10
Check: Rd files
Result: NOTE
    checkRd: (-1) sgt.Rd:16: Escaped LaTeX specials: \&
Flavors: r-devel-linux-x86_64-debian-clang, r-devel-linux-x86_64-debian-gcc, r-devel-linux-x86_64-fedora-clang, r-devel-linux-x86_64-fedora-gcc, r-devel-windows-x86_64

Version: 0.4.10
Check: data for non-ASCII characters
Result: NOTE
     Note: found 438 marked UTF-8 strings
Flavors: r-devel-linux-x86_64-fedora-clang, r-devel-linux-x86_64-fedora-gcc, r-release-macos-arm64, r-release-macos-x86_64, r-oldrel-macos-arm64, r-oldrel-macos-x86_64