CRAN Package Check Results for Package corporaexplorer

Last updated on 2022-01-26 06:50:10 CET.

Flavor Version Tinstall Tcheck Ttotal Status Flags
r-devel-linux-x86_64-debian-clang 0.8.4 3.82 52.46 56.28 OK
r-devel-linux-x86_64-debian-gcc 0.8.4 2.41 38.58 40.99 OK
r-devel-linux-x86_64-fedora-clang 0.8.4 66.01 NOTE
r-devel-linux-x86_64-fedora-gcc 0.8.4 54.18 NOTE
r-devel-windows-x86_64-new-UL 0.8.4 1051.00 84.00 1135.00 OK
r-devel-windows-x86_64-new-TK 0.8.4 NOTE
r-patched-linux-x86_64 0.8.4 3.02 46.67 49.69 OK
r-release-linux-x86_64 0.8.4 3.56 47.00 50.56 OK
r-release-macos-arm64 0.8.4 NOTE
r-release-macos-x86_64 0.8.4 NOTE
r-release-windows-ix86+x86_64 0.8.4 10.00 58.00 68.00 OK
r-oldrel-macos-x86_64 0.8.4 NOTE
r-oldrel-windows-ix86+x86_64 0.8.4 8.00 60.00 68.00 OK

Check Details

Version: 0.8.4
Check: dependencies in R code
Result: NOTE
    Namespaces in Imports field not imported from:
     ‘RColorBrewer’ ‘ggplot2’ ‘rmarkdown’ ‘shinyWidgets’ ‘shinydashboard’
     ‘shinyjs’
     All declared Imports should be used.
Flavors: r-devel-linux-x86_64-fedora-clang, r-devel-linux-x86_64-fedora-gcc, r-devel-windows-x86_64-new-TK, r-release-macos-arm64, r-release-macos-x86_64, r-oldrel-macos-x86_64