CRAN Package Check Results for Package copBasic

Last updated on 2022-08-19 06:52:20 CEST.

Flavor Version Tinstall Tcheck Ttotal Status Flags
r-devel-linux-x86_64-debian-clang 2.1.7 15.39 100.43 115.82 NOTE
r-devel-linux-x86_64-debian-gcc 2.1.7 10.81 75.27 86.08 NOTE
r-devel-linux-x86_64-fedora-clang 2.1.7 151.42 NOTE
r-devel-linux-x86_64-fedora-gcc 2.1.7 156.27 NOTE
r-devel-windows-x86_64 2.1.7 93.00 161.00 254.00 NOTE
r-patched-linux-x86_64 2.1.7 16.67 87.54 104.21 OK
r-release-linux-x86_64 2.1.7 OK
r-release-macos-arm64 2.1.7 35.00 OK
r-release-macos-x86_64 2.1.7 49.00 OK
r-release-windows-x86_64 2.1.7 57.00 151.00 208.00 OK
r-oldrel-macos-arm64 2.1.7 43.00 OK
r-oldrel-macos-x86_64 2.1.7 48.00 OK
r-oldrel-windows-ix86+x86_64 2.1.7 22.00 106.00 128.00 OK

Check Details

Version: 2.1.7
Check: HTML version of manual
Result: NOTE
    Found the following math rendering problems:
    COP.Rd:47: Unexpected end of input in a macro argument, expected '}' in \acute\mathbf{C}(u,v)
    COP.Rd:47: Unexpected end of input in a macro argument, expected '}' in \grave\mathbf{C}(u,v)
    COP.Rd:48: Unexpected end of input in a macro argument, expected '}' in \hat\mathbf{C}(u,v)
    COP.Rd:49: Unexpected end of input in a macro argument, expected '}' in \acute\mathbf{C}(u,v)
    COP.Rd:50: Unexpected end of input in a macro argument, expected '}' in \grave\mathbf{C}(u,v)
    copBasic-package.Rd:53: Unexpected end of input in a macro argument, expected '}' in \hat\mathbf{C}(u',v')
    copBasic-package.Rd:56: Unexpected end of input in a macro argument, expected '}' in \tilde\mathbf{C}(u,v)
    copBasic-package.Rd:159: Unexpected end of input in a macro argument, expected '}' in \hat\mathbf{C}(u',v')
    copBasic-package.Rd:166: Unexpected end of input in a macro argument, expected '}' in \hat\mathbf{C}(u',v')/u' =...
    copBasic-package.Rd:167: Unexpected end of input in a macro argument, expected '}' in \hat\mathbf{C}(u',v')/v' =...
    copBasic-package.Rd:171: Unexpected end of input in a macro argument, expected '}' in \tilde\mathbf{C}(u,v) = u + ...
    copBasic-package.Rd:204: Unexpected end of input in a macro argument, expected '}' in \tilde\mathbf{C}(q,q; \Theta...
    copBasic-package.Rd:204: Unexpected end of input in a macro argument, expected '}' in \overline\mathbf{C}(q,q;\Theta)
    copBasic-package.Rd:204: Unexpected end of input in a macro argument, expected '}' in \hat\mathbf{C}(q',q'; \The...
    copBasic-package.Rd:206: Unexpected end of input in a macro argument, expected '}' in ...c{1}{1 - \tilde\mathbf{C}(q,q; \Theta...
    duCOP.Rd:12: Unexpected end of input in a macro argument, expected '}' in \hat\mathbf{C}(u',v') + \t...
    duCOP.Rd:14: Unexpected end of input in a macro argument, expected '}' in \hat\mathbf{C}(u',v')
    duCOP.Rd:69: Unexpected end of input in a macro argument, expected '}' in \tilde\mathbf{C}
    hoefCOP.Rd:21: Unexpected end of input in a macro argument, expected '}' in \hat\mathbf{C}(u,v)
    hoefCOP.Rd:22: Unexpected end of input in a macro argument, expected '}' in ...{C}(u,v) - \hat\mathbf{C}(u,v)|\mbox{...
    hoefCOP.Rd:24: Unexpected end of input in a macro argument, expected '}' in ...{C}(u,v) - \hat\mathbf{C}(u,v)|^p\,\m...
    hoefCOP.Rd:25: Unexpected end of input in a macro argument, expected '}' in \hat\mathbf{C}(u,v) = u + ...
    hoefCOP.Rd:28: Unexpected end of input in a macro argument, expected '}' in ...{C}(u,v) - \hat\mathbf{C}(v,u)|\mbox{...
    hoefCOP.Rd:30: Unexpected end of input in a macro argument, expected '}' in ...{C}(u,v) - \hat\mathbf{C}(v,u)|^p\,\m...
    isCOP.radsym.Rd:11: Unexpected end of input in a macro argument, expected '}' in ...{C}(u,v) = \hat\mathbf{C}(u,v)
    prod2COP.Rd:12: Unexpected end of input in a macro argument, expected '}' in ...athbf{W} = \hat\mathbf{C}\mbox{,}
    prod2COP.Rd:13: Unexpected end of input in a macro argument, expected '}' in \hat\mathbf{C}
    rhoCOP.Rd:12: Unexpected end of input in a macro argument, expected '}' in ...cal{I}^2} [\hat\mathbf{C}(u,v) - uv]\...
    simCOPmicro.Rd:19: Unexpected end of input in a macro argument, expected '}' in \hat\mathbf{C}_{2|1}(v|u) ...
    simCOPmicro.Rd:20: Unexpected end of input in a macro argument, expected '}' in \acute\mathbf{C}_{2|1}(v|u) ...
    simCOPmicro.Rd:21: Unexpected end of input in a macro argument, expected '}' in \grave\mathbf{C}_{2|1}(v|u) ...
    simCOPmicro.Rd:23: Unexpected end of input in a macro argument, expected '}' in \hat\mathbf{C}^{(-1)}_{2|1...
    simCOPmicro.Rd:24: Unexpected end of input in a macro argument, expected '}' in \acute\mathbf{C}^{(-1)}_{2|1...
    simCOPmicro.Rd:25: Unexpected end of input in a macro argument, expected '}' in \grave\mathbf{C}^{(-1)}_{2|1...
    simCOPmicro.Rd:28: Unexpected end of input in a macro argument, expected '}' in \acute\mathbf{C}(u,v)
    simCOPmicro.Rd:28: Unexpected end of input in a macro argument, expected '}' in \grave\mathbf{C}(u,v)
    simCOPmicro.Rd:29: Unexpected end of input in a macro argument, expected '}' in \hat\mathbf{C}(u,v)
    simCOPmicro.Rd:30: Unexpected end of input in a macro argument, expected '}' in \acute\mathbf{C}(u,v)
    simCOPmicro.Rd:31: Unexpected end of input in a macro argument, expected '}' in \grave\mathbf{C}(u,v)
    surfuncCOP.Rd:7: Unexpected end of input in a macro argument, expected '}' in ...{C}(u,v) = \hat\mathbf{C}(1-u, 1-v)\m...
    surfuncCOP.Rd:8: Unexpected end of input in a macro argument, expected '}' in \hat\mathbf{C}(u',v')
    tailordCOP.Rd:11: Unexpected end of input in a macro argument, expected '}' in ...\frac{\log[\hat\mathbf{C}(t,t)]}{\log...
    tailordCOP.Rd:12: Unexpected end of input in a macro argument, expected '}' in \hat\mathbf{C}(u,v)
Flavors: r-devel-linux-x86_64-debian-clang, r-devel-linux-x86_64-debian-gcc, r-devel-linux-x86_64-fedora-clang, r-devel-linux-x86_64-fedora-gcc, r-devel-windows-x86_64