CRAN Package Check Results for Package convevol

Last updated on 2022-08-12 06:49:17 CEST.

Flavor Version Tinstall Tcheck Ttotal Status Flags
r-devel-linux-x86_64-debian-clang 1.3 8.88 100.94 109.82 NOTE
r-devel-linux-x86_64-debian-gcc 1.3 8.60 76.11 84.71 NOTE
r-devel-linux-x86_64-fedora-clang 1.3 141.23 NOTE
r-devel-linux-x86_64-fedora-gcc 1.3 140.77 NOTE
r-devel-windows-x86_64 1.3 27.00 120.00 147.00 NOTE
r-patched-linux-x86_64 1.3 10.78 98.03 108.81 NOTE
r-release-linux-x86_64 1.3 9.61 98.40 108.01 NOTE
r-release-macos-arm64 1.3 38.00 NOTE
r-release-macos-x86_64 1.3 71.00 NOTE
r-release-windows-x86_64 1.3 19.00 130.00 149.00 NOTE
r-oldrel-macos-arm64 1.3 45.00 NOTE
r-oldrel-macos-x86_64 1.3 78.00 NOTE
r-oldrel-windows-ix86+x86_64 1.3 25.00 119.00 144.00 NOTE

Check Details

Version: 1.3
Check: LazyData
Result: NOTE
     'LazyData' is specified without a 'data' directory
Flavors: r-devel-linux-x86_64-debian-clang, r-devel-linux-x86_64-debian-gcc, r-devel-linux-x86_64-fedora-clang, r-devel-linux-x86_64-fedora-gcc, r-devel-windows-x86_64, r-patched-linux-x86_64, r-release-linux-x86_64, r-release-macos-arm64, r-release-macos-x86_64, r-release-windows-x86_64, r-oldrel-macos-arm64, r-oldrel-macos-x86_64, r-oldrel-windows-ix86+x86_64