CRAN Package Check Results for Package convergEU

Last updated on 2022-01-22 06:48:49 CET.

Flavor Version Tinstall Tcheck Ttotal Status Flags
r-devel-linux-x86_64-debian-clang 0.5.1 6.15 143.23 149.38 OK
r-devel-linux-x86_64-debian-gcc 0.5.1 5.04 105.78 110.82 OK
r-devel-linux-x86_64-fedora-clang 0.5.1 174.32 NOTE
r-devel-linux-x86_64-fedora-gcc 0.5.1 176.73 NOTE
r-devel-windows-x86_64-new-UL 0.5.1 70.00 183.00 253.00 OK
r-devel-windows-x86_64-new-TK 0.5.1 NOTE
r-patched-linux-x86_64 0.5.1 6.84 139.52 146.36 OK
r-release-linux-x86_64 0.5.1 5.98 139.25 145.23 OK
r-release-macos-arm64 0.5.1 NOTE
r-release-macos-x86_64 0.5.1 NOTE
r-release-windows-ix86+x86_64 0.5.1 15.00 168.00 183.00 OK
r-oldrel-macos-x86_64 0.5.1 NOTE
r-oldrel-windows-ix86+x86_64 0.5.1 17.00 173.00 190.00 OK

Check Details

Version: 0.5.1
Check: data for non-ASCII characters
Result: NOTE
     Note: found 1 marked UTF-8 string
Flavors: r-devel-linux-x86_64-fedora-clang, r-devel-linux-x86_64-fedora-gcc, r-devel-windows-x86_64-new-TK, r-release-macos-arm64, r-release-macos-x86_64, r-oldrel-macos-x86_64