Last updated on 2022-06-30 06:49:22 CEST.
Flavor | Version | Tinstall | Tcheck | Ttotal | Status | Flags |
---|---|---|---|---|---|---|
r-devel-linux-x86_64-debian-clang | 1.0.5 | 34.36 | 34.89 | 69.25 | OK | |
r-devel-linux-x86_64-debian-gcc | 1.0.5 | 29.45 | 27.27 | 56.72 | OK | |
r-devel-linux-x86_64-fedora-clang | 1.0.5 | 113.53 | NOTE | |||
r-devel-linux-x86_64-fedora-gcc | 1.0.5 | 100.58 | NOTE | |||
r-devel-windows-x86_64 | 1.0.5 | 40.00 | 80.00 | 120.00 | OK | |
r-patched-linux-x86_64 | 1.0.5 | 29.09 | 34.68 | 63.77 | OK | |
r-release-linux-x86_64 | 1.0.5 | 31.18 | 34.17 | 65.35 | OK | |
r-release-macos-arm64 | 1.0.5 | 32.00 | OK | |||
r-release-macos-x86_64 | 1.0.5 | 40.00 | OK | |||
r-release-windows-x86_64 | 1.0.5 | 40.00 | 84.00 | 124.00 | OK | |
r-oldrel-macos-arm64 | 1.0.5 | 33.00 | OK | |||
r-oldrel-macos-x86_64 | 1.0.5 | 57.00 | OK | |||
r-oldrel-windows-ix86+x86_64 | 1.0.5 | 90.00 | 84.00 | 174.00 | OK |
Version: 1.0.5
Check: compiled code
Result: NOTE
File ‘contoureR/libs/contoureR.so’:
Found no calls to: ‘R_registerRoutines’, ‘R_useDynamicSymbols’
It is good practice to register native routines and to disable symbol
search.
See ‘Writing portable packages’ in the ‘Writing R Extensions’ manual.
Flavors: r-devel-linux-x86_64-fedora-clang, r-devel-linux-x86_64-fedora-gcc