CRAN Package Check Results for Package conmet

Last updated on 2022-05-21 07:55:20 CEST.

Flavor Version Tinstall Tcheck Ttotal Status Flags
r-devel-linux-x86_64-debian-clang 0.1.0 3.68 47.62 51.30 OK
r-devel-linux-x86_64-debian-gcc 0.1.0 3.46 37.39 40.85 OK
r-devel-linux-x86_64-fedora-clang 0.1.0 65.33 NOTE
r-devel-linux-x86_64-fedora-gcc 0.1.0 64.37 NOTE
r-devel-windows-x86_64 0.1.0 9.00 68.00 77.00 OK
r-patched-linux-x86_64 0.1.0 4.09 46.49 50.58 OK
r-release-linux-x86_64 0.1.0 2.57 46.52 49.09 OK
r-release-macos-arm64 0.1.0 21.00 NOTE
r-release-macos-x86_64 0.1.0 34.00 NOTE
r-release-windows-x86_64 0.1.0 10.00 71.00 81.00 OK
r-oldrel-macos-arm64 0.1.0 22.00 NOTE
r-oldrel-macos-x86_64 0.1.0 29.00 NOTE
r-oldrel-windows-ix86+x86_64 0.1.0 13.00 59.00 72.00 OK

Check Details

Version: 0.1.0
Check: dependencies in R code
Result: NOTE
    Namespaces in Imports field not imported from:
     ‘DT’ ‘Hmisc’ ‘dplyr’ ‘foreign’ ‘lavaan’ ‘openxlsx’ ‘purrr’ ‘semTools’
     ‘shinyWidgets’ ‘stringr’ ‘summarytools’ ‘waiter’
     All declared Imports should be used.
Flavors: r-devel-linux-x86_64-fedora-clang, r-devel-linux-x86_64-fedora-gcc, r-release-macos-arm64, r-release-macos-x86_64, r-oldrel-macos-arm64, r-oldrel-macos-x86_64