CRAN Package Check Results for Package confintr

Last updated on 2022-01-26 06:50:09 CET.

Flavor Version Tinstall Tcheck Ttotal Status Flags
r-devel-linux-x86_64-debian-clang 0.1.1 2.89 63.85 66.74 NOTE
r-devel-linux-x86_64-debian-gcc 0.1.1 2.53 47.95 50.48 NOTE
r-devel-linux-x86_64-fedora-clang 0.1.1 81.13 NOTE
r-devel-linux-x86_64-fedora-gcc 0.1.1 69.36 NOTE
r-devel-windows-x86_64-new-UL 0.1.1 55.00 87.00 142.00 NOTE
r-devel-windows-x86_64-new-TK 0.1.1 NOTE
r-patched-linux-x86_64 0.1.1 3.91 60.16 64.07 NOTE
r-release-linux-x86_64 0.1.1 2.61 60.38 62.99 NOTE
r-release-macos-arm64 0.1.1 NOTE
r-release-macos-x86_64 0.1.1 NOTE
r-release-windows-ix86+x86_64 0.1.1 7.00 75.00 82.00 NOTE
r-oldrel-macos-x86_64 0.1.1 OK
r-oldrel-windows-ix86+x86_64 0.1.1 7.00 74.00 81.00 OK

Check Details

Version: 0.1.1
Check: LazyData
Result: NOTE
     'LazyData' is specified without a 'data' directory
Flavors: r-devel-linux-x86_64-debian-clang, r-devel-linux-x86_64-debian-gcc, r-devel-linux-x86_64-fedora-clang, r-devel-linux-x86_64-fedora-gcc, r-devel-windows-x86_64-new-UL, r-devel-windows-x86_64-new-TK, r-patched-linux-x86_64, r-release-linux-x86_64, r-release-macos-arm64, r-release-macos-x86_64, r-release-windows-ix86+x86_64