CRAN Package Check Results for Package cometr

Last updated on 2022-05-23 06:49:43 CEST.

Flavor Version Tinstall Tcheck Ttotal Status Flags
r-devel-linux-x86_64-debian-clang 0.2.0 3.76 36.81 40.57 NOTE
r-devel-linux-x86_64-debian-gcc 0.2.0 3.23 28.03 31.26 NOTE
r-devel-linux-x86_64-fedora-clang 0.2.0 48.33 NOTE
r-devel-linux-x86_64-fedora-gcc 0.2.0 47.61 NOTE
r-devel-windows-x86_64 0.2.0 37.00 50.00 87.00 NOTE
r-patched-linux-x86_64 0.2.0 2.76 35.29 38.05 NOTE
r-release-linux-x86_64 0.2.0 NOTE
r-release-macos-arm64 0.2.0 14.00 NOTE
r-release-macos-x86_64 0.2.0 23.00 NOTE
r-release-windows-x86_64 0.2.0 54.00 51.00 105.00 NOTE
r-oldrel-macos-arm64 0.2.0 19.00 NOTE
r-oldrel-macos-x86_64 0.2.0 24.00 NOTE
r-oldrel-windows-ix86+x86_64 0.2.0 9.00 44.00 53.00 NOTE

Check Details

Version: 0.2.0
Check: LazyData
Result: NOTE
     'LazyData' is specified without a 'data' directory
Flavors: r-devel-linux-x86_64-debian-clang, r-devel-linux-x86_64-debian-gcc, r-devel-linux-x86_64-fedora-clang, r-devel-linux-x86_64-fedora-gcc, r-devel-windows-x86_64, r-patched-linux-x86_64, r-release-linux-x86_64, r-release-macos-arm64, r-release-macos-x86_64, r-release-windows-x86_64, r-oldrel-macos-arm64, r-oldrel-macos-x86_64, r-oldrel-windows-ix86+x86_64

Version: 0.2.0
Check: dependencies in R code
Result: NOTE
    Namespace in Imports field not imported from: ‘R6’
     All declared Imports should be used.
Flavors: r-devel-linux-x86_64-fedora-clang, r-devel-linux-x86_64-fedora-gcc, r-release-macos-arm64, r-release-macos-x86_64, r-oldrel-macos-arm64, r-oldrel-macos-x86_64