Last updated on 2022-05-16 06:52:20 CEST.
Flavor | Version | Tinstall | Tcheck | Ttotal | Status | Flags |
---|---|---|---|---|---|---|
r-devel-linux-x86_64-debian-clang | 0.2.3 | 8.50 | 98.58 | 107.08 | OK | |
r-devel-linux-x86_64-debian-gcc | 0.2.3 | 6.49 | 73.90 | 80.39 | OK | |
r-devel-linux-x86_64-fedora-clang | 0.2.3 | 123.91 | NOTE | |||
r-devel-linux-x86_64-fedora-gcc | 0.2.3 | 120.06 | NOTE | |||
r-devel-windows-x86_64 | 0.2.3 | 25.00 | 119.00 | 144.00 | OK | |
r-patched-linux-x86_64 | 0.2.3 | 6.49 | 90.70 | 97.19 | OK | |
r-release-linux-x86_64 | 0.2.3 | 6.13 | 92.75 | 98.88 | OK | |
r-release-macos-arm64 | 0.2.3 | 38.00 | NOTE | |||
r-release-macos-x86_64 | 0.2.3 | 76.00 | NOTE | |||
r-release-windows-x86_64 | 0.2.3 | 26.00 | 115.00 | 141.00 | OK | |
r-oldrel-macos-arm64 | 0.2.3 | 54.00 | NOTE | |||
r-oldrel-macos-x86_64 | 0.2.3 | 51.00 | NOTE | |||
r-oldrel-windows-ix86+x86_64 | 0.2.3 | 20.00 | 111.00 | 131.00 | OK |
Version: 0.2.3
Check: dependencies in R code
Result: NOTE
Namespace in Imports field not imported from: ‘devtools’
All declared Imports should be used.
Flavors: r-devel-linux-x86_64-fedora-clang, r-devel-linux-x86_64-fedora-gcc, r-release-macos-arm64, r-release-macos-x86_64, r-oldrel-macos-arm64, r-oldrel-macos-x86_64