Last updated on 2022-07-03 07:51:50 CEST.
Flavor | Version | Tinstall | Tcheck | Ttotal | Status | Flags |
---|---|---|---|---|---|---|
r-devel-linux-x86_64-debian-clang | 2.2-11 | 11.99 | 69.13 | 81.12 | NOTE | |
r-devel-linux-x86_64-debian-gcc | 2.2-11 | 6.01 | 54.05 | 60.06 | NOTE | |
r-devel-linux-x86_64-fedora-clang | 2.2-11 | 105.49 | NOTE | |||
r-devel-linux-x86_64-fedora-gcc | 2.2-11 | 106.32 | NOTE | |||
r-devel-windows-x86_64 | 2.2-11 | 17.00 | 92.00 | 109.00 | NOTE | |
r-patched-linux-x86_64 | 2.2-11 | 10.68 | 68.16 | 78.84 | OK | |
r-release-linux-x86_64 | 2.2-11 | 8.49 | 66.65 | 75.14 | OK | |
r-release-macos-arm64 | 2.2-11 | 34.00 | OK | |||
r-release-macos-x86_64 | 2.2-11 | 46.00 | OK | |||
r-release-windows-x86_64 | 2.2-11 | 22.00 | 94.00 | 116.00 | OK | |
r-oldrel-macos-arm64 | 2.2-11 | 32.00 | OK | |||
r-oldrel-macos-x86_64 | 2.2-11 | 51.00 | OK | |||
r-oldrel-windows-ix86+x86_64 | 2.2-11 | 24.00 | 112.00 | 136.00 | OK |
Version: 2.2-11
Check: Rd files
Result: NOTE
checkRd: (-1) plot.predict.crr.Rd:18: Escaped LaTeX specials: \#
checkRd: (-1) plot.predict.crr.Rd:22: Escaped LaTeX specials: \#
Flavors: r-devel-linux-x86_64-debian-clang, r-devel-linux-x86_64-debian-gcc, r-devel-linux-x86_64-fedora-clang, r-devel-linux-x86_64-fedora-gcc, r-devel-windows-x86_64
Version: 2.2-11
Check: compiled code
Result: NOTE
File ‘cmprsk/libs/cmprsk.so’:
Found no calls to: ‘R_registerRoutines’, ‘R_useDynamicSymbols’
It is good practice to register native routines and to disable symbol
search.
See ‘Writing portable packages’ in the ‘Writing R Extensions’ manual.
Flavors: r-devel-linux-x86_64-fedora-clang, r-devel-linux-x86_64-fedora-gcc