Last updated on 2022-05-18 06:50:38 CEST.
Flavor | Version | Tinstall | Tcheck | Ttotal | Status | Flags |
---|---|---|---|---|---|---|
r-devel-linux-x86_64-debian-clang | 1.1.0 | 0.52 | 12.11 | 12.63 | ERROR | |
r-devel-linux-x86_64-debian-gcc | 1.1.0 | 57.03 | 425.99 | 483.02 | NOTE | |
r-devel-linux-x86_64-fedora-clang | 1.1.0 | 822.94 | NOTE | |||
r-devel-linux-x86_64-fedora-gcc | 1.1.0 | 792.07 | NOTE | |||
r-devel-windows-x86_64 | 1.1.0 | 66.00 | 534.00 | 600.00 | NOTE | |
r-patched-linux-x86_64 | 1.1.0 | 64.72 | 533.77 | 598.49 | NOTE | |
r-release-linux-x86_64 | 1.1.0 | 54.57 | 535.80 | 590.37 | NOTE | |
r-release-macos-arm64 | 1.1.0 | 215.00 | NOTE | |||
r-release-macos-x86_64 | 1.1.0 | 426.00 | NOTE | |||
r-release-windows-x86_64 | 1.1.0 | 67.00 | 542.00 | 609.00 | NOTE | |
r-oldrel-macos-arm64 | 1.1.0 | 384.00 | NOTE | |||
r-oldrel-macos-x86_64 | 1.1.0 | 538.00 | NOTE | |||
r-oldrel-windows-ix86+x86_64 | 1.1.0 | 131.00 | 544.00 | 675.00 | NOTE |
Version: 1.1.0
Check: package dependencies
Result: ERROR
Package required but not available: 'singscore'
See section 'The DESCRIPTION file' in the 'Writing R Extensions'
manual.
Flavor: r-devel-linux-x86_64-debian-clang
Version: 1.1.0
Check: LazyData
Result: NOTE
'LazyData' is specified without a 'data' directory
Flavors: r-devel-linux-x86_64-debian-gcc, r-devel-linux-x86_64-fedora-clang, r-devel-linux-x86_64-fedora-gcc, r-devel-windows-x86_64, r-patched-linux-x86_64, r-release-linux-x86_64, r-release-macos-arm64, r-release-macos-x86_64, r-release-windows-x86_64, r-oldrel-macos-arm64, r-oldrel-macos-x86_64, r-oldrel-windows-ix86+x86_64