Last updated on 2022-05-21 07:55:20 CEST.
Flavor | Version | Tinstall | Tcheck | Ttotal | Status | Flags |
---|---|---|---|---|---|---|
r-devel-linux-x86_64-debian-clang | 1.2.8 | 7.44 | 40.12 | 47.56 | OK | |
r-devel-linux-x86_64-debian-gcc | 1.2.8 | 5.42 | 31.81 | 37.23 | OK | |
r-devel-linux-x86_64-fedora-clang | 1.2.8 | 60.84 | NOTE | |||
r-devel-linux-x86_64-fedora-gcc | 1.2.8 | 59.05 | NOTE | |||
r-devel-windows-x86_64 | 1.2.8 | 94.00 | 80.00 | 174.00 | OK | |
r-patched-linux-x86_64 | 1.2.8 | 5.67 | 38.87 | 44.54 | OK | |
r-release-linux-x86_64 | 1.2.8 | 6.36 | 39.12 | 45.48 | OK | |
r-release-macos-arm64 | 1.2.8 | 27.00 | OK | |||
r-release-macos-x86_64 | 1.2.8 | 34.00 | OK | |||
r-release-windows-x86_64 | 1.2.8 | 20.00 | 73.00 | 93.00 | OK | |
r-oldrel-macos-arm64 | 1.2.8 | 34.00 | OK | |||
r-oldrel-macos-x86_64 | 1.2.8 | 46.00 | OK | |||
r-oldrel-windows-ix86+x86_64 | 1.2.8 | 18.00 | 55.00 | 73.00 | OK |
Version: 1.2.8
Check: top-level files
Result: NOTE
possible bashism in cleanup line 15 (brace expansion):
rm -f src/*.{o,so,mod}
possible bashism in cleanup line 17 (brace expansion):
rm -f config.{log,status}
possible bashism in cleanup line 22 (brace expansion):
rm -f vignettes/*.{tex,aux,bbl,blg,log,toc,idx,ind,ilg,out,synctex.gz}
Flavors: r-devel-linux-x86_64-fedora-clang, r-devel-linux-x86_64-fedora-gcc