Last updated on 2022-06-30 06:49:21 CEST.
Flavor | Version | Tinstall | Tcheck | Ttotal | Status | Flags |
---|---|---|---|---|---|---|
r-devel-linux-x86_64-debian-clang | 1.2.1 | 7.52 | 66.85 | 74.37 | NOTE | |
r-devel-linux-x86_64-debian-gcc | 1.2.1 | 6.21 | 49.69 | 55.90 | NOTE | |
r-devel-linux-x86_64-fedora-clang | 1.2.1 | 98.55 | NOTE | |||
r-devel-linux-x86_64-fedora-gcc | 1.2.1 | 96.47 | NOTE | |||
r-devel-windows-x86_64 | 1.2.1 | 21.00 | 87.00 | 108.00 | NOTE | |
r-patched-linux-x86_64 | 1.2.1 | 7.29 | 62.93 | 70.22 | OK | |
r-release-linux-x86_64 | 1.2.1 | 6.40 | 62.31 | 68.71 | OK | |
r-release-macos-arm64 | 1.2.1 | 27.00 | OK | |||
r-release-macos-x86_64 | 1.2.1 | 50.00 | OK | |||
r-release-windows-x86_64 | 1.2.1 | 29.00 | 93.00 | 122.00 | OK | |
r-oldrel-macos-arm64 | 1.2.1 | 33.00 | OK | |||
r-oldrel-macos-x86_64 | 1.2.1 | 53.00 | OK | |||
r-oldrel-windows-ix86+x86_64 | 1.2.1 | 20.00 | 79.00 | 99.00 | OK |
Version: 1.2.1
Check: Rd files
Result: NOTE
checkRd: (-1) dtmvnom.Rd:30: Escaped LaTeX specials: \&
Flavors: r-devel-linux-x86_64-debian-clang, r-devel-linux-x86_64-debian-gcc, r-devel-linux-x86_64-fedora-clang, r-devel-linux-x86_64-fedora-gcc, r-devel-windows-x86_64