CRAN Package Check Results for Package clue

Last updated on 2022-06-30 06:49:21 CEST.

Flavor Version Tinstall Tcheck Ttotal Status Flags
r-devel-linux-x86_64-debian-clang 0.3-61 11.48 82.10 93.58 OK
r-devel-linux-x86_64-debian-gcc 0.3-61 8.52 60.63 69.15 OK
r-devel-linux-x86_64-fedora-clang 0.3-61 120.75 NOTE
r-devel-linux-x86_64-fedora-gcc 0.3-61 118.14 OK
r-devel-windows-x86_64 0.3-61 90.00 140.00 230.00 OK
r-patched-linux-x86_64 0.3-61 12.69 76.28 88.97 OK
r-release-linux-x86_64 0.3-61 9.48 76.41 85.89 OK
r-release-macos-arm64 0.3-61 53.00 OK
r-release-macos-x86_64 0.3-61 61.00 OK
r-release-windows-x86_64 0.3-61 80.00 135.00 215.00 OK
r-oldrel-macos-arm64 0.3-61 45.00 OK
r-oldrel-macos-x86_64 0.3-61 59.00 OK
r-oldrel-windows-ix86+x86_64 0.3-61 25.00 127.00 152.00 OK

Check Details

Version: 0.3-61
Check: Rd cross-references
Result: NOTE
    Undeclared packages ‘mlbench’, ‘fpc’ in Rd xrefs
Flavor: r-devel-linux-x86_64-fedora-clang