CRAN Package Check Results for Package climwin

Last updated on 2022-01-18 06:52:41 CET.

Flavor Version Tinstall Tcheck Ttotal Status Flags
r-devel-linux-x86_64-debian-clang 1.2.3 20.89 255.85 276.74 OK
r-devel-linux-x86_64-debian-gcc 1.2.3 17.46 199.97 217.43 OK
r-devel-linux-x86_64-fedora-clang 1.2.3 331.65 OK
r-devel-linux-x86_64-fedora-gcc 1.2.3 312.94 OK
r-devel-windows-x86_64-new-UL 1.2.3 64.00 287.00 351.00 OK
r-devel-windows-x86_64-new-TK 1.2.3 ERROR
r-patched-linux-x86_64 1.2.3 20.81 246.56 267.37 OK
r-release-linux-x86_64 1.2.3 OK
r-release-macos-arm64 1.2.3 OK
r-release-macos-x86_64 1.2.3 OK
r-release-windows-ix86+x86_64 1.2.3 43.00 280.00 323.00 OK
r-oldrel-macos-x86_64 1.2.3 OK
r-oldrel-windows-ix86+x86_64 1.2.3 43.00 285.00 328.00 OK

Check Details

Version: 1.2.3
Check: package dependencies
Result: ERROR
    Package required but not available: 'lme4'
    
    See section 'The DESCRIPTION file' in the 'Writing R Extensions'
    manual.
Flavor: r-devel-windows-x86_64-new-TK