Last updated on 2022-05-16 06:52:20 CEST.
Flavor | Version | Tinstall | Tcheck | Ttotal | Status | Flags |
---|---|---|---|---|---|---|
r-devel-linux-x86_64-debian-clang | 1.0.4 | 6.30 | 72.45 | 78.75 | OK | |
r-devel-linux-x86_64-debian-gcc | 1.0.4 | 4.98 | 55.03 | 60.01 | OK | |
r-devel-linux-x86_64-fedora-clang | 1.0.4 | 94.25 | OK | |||
r-devel-linux-x86_64-fedora-gcc | 1.0.4 | 88.60 | OK | |||
r-devel-windows-x86_64 | 1.0.4 | 38.00 | 108.00 | 146.00 | OK | |
r-patched-linux-x86_64 | 1.0.4 | 6.00 | 69.00 | 75.00 | OK | |
r-release-linux-x86_64 | 1.0.4 | 6.27 | 57.86 | 64.13 | ERROR | |
r-release-macos-arm64 | 1.0.4 | 52.00 | OK | |||
r-release-macos-x86_64 | 1.0.4 | 119.00 | OK | |||
r-release-windows-x86_64 | 1.0.4 | 43.00 | 111.00 | 154.00 | OK | |
r-oldrel-macos-arm64 | 1.0.4 | 52.00 | OK | |||
r-oldrel-macos-x86_64 | 1.0.4 | 64.00 | OK | |||
r-oldrel-windows-ix86+x86_64 | 1.0.4 | 13.00 | 97.00 | 110.00 | OK |
Version: 1.0.4
Check: re-building of vignette outputs
Result: ERROR
Error(s) in re-building vignettes:
...
--- re-building ‘getstarted.Rmd’ using rmarkdown
[100%] Downloaded 3157 bytes...
Quitting from lines 78-91 (getstarted.Rmd)
Error: processing vignette ‘getstarted.Rmd’ failed with diagnostics:
undefined columns selected
--- failed re-building ‘getstarted.Rmd’
SUMMARY: processing the following file failed:
‘getstarted.Rmd’
Error: Vignette re-building failed.
Execution halted
Flavor: r-release-linux-x86_64