CRAN Package Check Results for Package cld2

Last updated on 2022-05-19 07:50:05 CEST.

Flavor Version Tinstall Tcheck Ttotal Status Flags
r-devel-linux-x86_64-debian-clang 1.2.1 34.62 39.02 73.64 NOTE
r-devel-linux-x86_64-debian-gcc 1.2.1 27.96 29.88 57.84 NOTE
r-devel-linux-x86_64-fedora-clang 1.2.1 107.98 NOTE
r-devel-linux-x86_64-fedora-gcc 1.2.1 91.90 NOTE
r-devel-windows-x86_64 1.2.1 65.00 76.00 141.00 NOTE
r-patched-linux-x86_64 1.2.1 27.24 36.42 63.66 NOTE
r-release-linux-x86_64 1.2.1 30.55 36.95 67.50 NOTE
r-release-macos-arm64 1.2.1 27.00 NOTE
r-release-macos-x86_64 1.2.1 38.00 NOTE
r-release-windows-x86_64 1.2.1 64.00 80.00 144.00 NOTE
r-oldrel-macos-arm64 1.2.1 35.00 NOTE
r-oldrel-macos-x86_64 1.2.1 49.00 NOTE
r-oldrel-windows-ix86+x86_64 1.2.1 89.00 80.00 169.00 NOTE

Check Details

Version: 1.2.1
Check: LazyData
Result: NOTE
     'LazyData' is specified without a 'data' directory
Flavors: r-devel-linux-x86_64-debian-clang, r-devel-linux-x86_64-debian-gcc, r-devel-linux-x86_64-fedora-clang, r-devel-linux-x86_64-fedora-gcc, r-devel-windows-x86_64, r-patched-linux-x86_64, r-release-linux-x86_64, r-release-macos-arm64, r-release-macos-x86_64, r-release-windows-x86_64, r-oldrel-macos-arm64, r-oldrel-macos-x86_64, r-oldrel-windows-ix86+x86_64

Version: 1.2.1
Check: package dependencies
Result: NOTE
    Package suggested but not available for checking: ‘readtext’
Flavor: r-release-macos-x86_64

Version: 1.2.1
Check: installed package size
Result: NOTE
     installed size is 5.4Mb
     sub-directories of 1Mb or more:
     libs 5.4Mb
Flavor: r-oldrel-windows-ix86+x86_64