CRAN Package Check Results for Package cjoint

Last updated on 2022-05-21 07:55:20 CEST.

Flavor Version Tinstall Tcheck Ttotal Status Flags
r-devel-linux-x86_64-debian-clang 2.1.0 17.88 176.76 194.64 OK
r-devel-linux-x86_64-debian-gcc 2.1.0 15.70 128.92 144.62 OK
r-devel-linux-x86_64-fedora-clang 2.1.0 228.88 NOTE
r-devel-linux-x86_64-fedora-gcc 2.1.0 218.29 NOTE
r-devel-windows-x86_64 2.1.0 25.00 187.00 212.00 OK
r-patched-linux-x86_64 2.1.0 15.56 160.28 175.84 OK
r-release-linux-x86_64 2.1.0 17.19 162.37 179.56 OK
r-release-macos-arm64 2.1.0 60.00 NOTE
r-release-macos-x86_64 2.1.0 121.00 NOTE
r-release-windows-x86_64 2.1.0 27.00 191.00 218.00 OK
r-oldrel-macos-arm64 2.1.0 70.00 NOTE
r-oldrel-macos-x86_64 2.1.0 149.00 NOTE
r-oldrel-windows-ix86+x86_64 2.1.0 35.00 180.00 215.00 OK

Check Details

Version: 2.1.0
Check: dependencies in R code
Result: NOTE
    Namespace in Imports field not imported from: ‘shinyBS’
     All declared Imports should be used.
Flavors: r-devel-linux-x86_64-fedora-clang, r-devel-linux-x86_64-fedora-gcc, r-release-macos-arm64, r-release-macos-x86_64, r-oldrel-macos-arm64, r-oldrel-macos-x86_64

Version: 2.1.0
Check: data for non-ASCII characters
Result: NOTE
     Note: found 29 marked UTF-8 strings
Flavors: r-devel-linux-x86_64-fedora-clang, r-devel-linux-x86_64-fedora-gcc, r-release-macos-arm64, r-release-macos-x86_64, r-oldrel-macos-arm64, r-oldrel-macos-x86_64