CRAN Package Check Results for Package circularEV

Last updated on 2022-07-03 07:51:50 CEST.

Flavor Version Tinstall Tcheck Ttotal Status Flags
r-devel-linux-x86_64-debian-clang 0.1.1 10.14 183.65 193.79 OK
r-devel-linux-x86_64-debian-gcc 0.1.1 7.29 132.09 139.38 OK
r-devel-linux-x86_64-fedora-clang 0.1.1 237.33 NOTE
r-devel-linux-x86_64-fedora-gcc 0.1.1 229.13 OK
r-devel-windows-x86_64 0.1.1 44.00 282.00 326.00 NOTE
r-patched-linux-x86_64 0.1.1 11.00 177.94 188.94 OK
r-release-linux-x86_64 0.1.1 10.18 180.89 191.07 OK
r-release-macos-arm64 0.1.1 163.00 NOTE
r-release-macos-x86_64 0.1.1 203.00 NOTE
r-release-windows-x86_64 0.1.1 35.00 294.00 329.00 NOTE
r-oldrel-macos-arm64 0.1.1 159.00 NOTE
r-oldrel-macos-x86_64 0.1.1 181.00 NOTE
r-oldrel-windows-ix86+x86_64 0.1.1 27.00 321.00 348.00 NOTE

Additional issues

donttest

Check Details

Version: 0.1.1
Check: installed package size
Result: NOTE
     installed size is 7.5Mb
     sub-directories of 1Mb or more:
     doc 7.3Mb
Flavors: r-devel-linux-x86_64-fedora-clang, r-devel-windows-x86_64, r-release-macos-arm64, r-release-macos-x86_64, r-release-windows-x86_64, r-oldrel-macos-arm64, r-oldrel-macos-x86_64, r-oldrel-windows-ix86+x86_64