Last updated on 2022-08-13 07:55:17 CEST.
Flavor | Version | Tinstall | Tcheck | Ttotal | Status | Flags |
---|---|---|---|---|---|---|
r-devel-linux-x86_64-debian-clang | 0.4.1 | 16.43 | 153.65 | 170.08 | OK | |
r-devel-linux-x86_64-debian-gcc | 0.4.1 | 13.30 | 112.55 | 125.85 | OK | |
r-devel-linux-x86_64-fedora-clang | 0.4.1 | 212.36 | OK | |||
r-devel-linux-x86_64-fedora-gcc | 0.4.1 | 205.46 | OK | |||
r-devel-windows-x86_64 | 0.4.1 | 71.00 | 168.00 | 239.00 | OK | |
r-patched-linux-x86_64 | 0.4.1 | 17.98 | 145.05 | 163.03 | OK | |
r-release-linux-x86_64 | 0.4.1 | 10.83 | 145.19 | 156.02 | OK | |
r-release-macos-arm64 | 0.4.1 | 59.00 | NOTE | |||
r-release-macos-x86_64 | 0.4.1 | 78.00 | NOTE | |||
r-release-windows-x86_64 | 0.4.1 | 42.00 | 167.00 | 209.00 | OK | |
r-oldrel-macos-arm64 | 0.4.1 | 65.00 | NOTE | |||
r-oldrel-macos-x86_64 | 0.4.1 | 76.00 | NOTE | |||
r-oldrel-windows-ix86+x86_64 | 0.4.1 | 39.00 | 172.00 | 211.00 | OK |
Version: 0.4.1
Check: package dependencies
Result: NOTE
Package suggested but not available for checking: ‘VPdtw’
Flavors: r-release-macos-arm64, r-release-macos-x86_64, r-oldrel-macos-arm64, r-oldrel-macos-x86_64
Version: 0.4.1
Check: Rd cross-references
Result: NOTE
Package unavailable to check Rd xrefs: ‘VPdtw’
Flavors: r-release-macos-arm64, r-release-macos-x86_64, r-oldrel-macos-arm64, r-oldrel-macos-x86_64