Last updated on 2022-07-02 07:06:55 CEST.
Flavor | Version | Tinstall | Tcheck | Ttotal | Status | Flags |
---|---|---|---|---|---|---|
r-devel-linux-x86_64-debian-clang | 0.2.3 | 11.92 | 86.44 | 98.36 | NOTE | |
r-devel-linux-x86_64-debian-gcc | 0.2.3 | 8.08 | 65.88 | 73.96 | NOTE | |
r-devel-linux-x86_64-fedora-clang | 0.2.3 | 124.35 | NOTE | |||
r-devel-linux-x86_64-fedora-gcc | 0.2.3 | 128.55 | NOTE | |||
r-devel-windows-x86_64 | 0.2.3 | 87.00 | 111.00 | 198.00 | NOTE | |
r-patched-linux-x86_64 | 0.2.3 | 10.71 | 87.03 | 97.74 | NOTE | |
r-release-linux-x86_64 | 0.2.3 | 10.08 | 84.92 | 95.00 | NOTE | |
r-release-macos-arm64 | 0.2.3 | 32.00 | NOTE | |||
r-release-macos-x86_64 | 0.2.3 | 58.00 | NOTE | |||
r-release-windows-x86_64 | 0.2.3 | 55.00 | 121.00 | 176.00 | NOTE | |
r-oldrel-macos-arm64 | 0.2.3 | 39.00 | NOTE | |||
r-oldrel-macos-x86_64 | 0.2.3 | 81.00 | NOTE | |||
r-oldrel-windows-ix86+x86_64 | 0.2.3 | 27.00 | 114.00 | 141.00 | NOTE |
Version: 0.2.3
Check: LazyData
Result: NOTE
'LazyData' is specified without a 'data' directory
Flavors: r-devel-linux-x86_64-debian-clang, r-devel-linux-x86_64-debian-gcc, r-devel-linux-x86_64-fedora-clang, r-devel-linux-x86_64-fedora-gcc, r-devel-windows-x86_64, r-patched-linux-x86_64, r-release-linux-x86_64, r-release-macos-arm64, r-release-macos-x86_64, r-release-windows-x86_64, r-oldrel-macos-arm64, r-oldrel-macos-x86_64, r-oldrel-windows-ix86+x86_64