Last updated on 2022-07-06 07:48:55 CEST.
Flavor | Version | Tinstall | Tcheck | Ttotal | Status | Flags |
---|---|---|---|---|---|---|
r-devel-linux-x86_64-debian-clang | 1.0.0 | 137.48 | 448.68 | 586.16 | WARN | |
r-devel-linux-x86_64-debian-gcc | 1.0.0 | 112.52 | 313.37 | 425.89 | OK | |
r-devel-linux-x86_64-fedora-clang | 1.0.0 | 727.70 | WARN | |||
r-devel-linux-x86_64-fedora-gcc | 1.0.0 | 708.12 | OK | |||
r-devel-windows-x86_64 | 1.0.0 | 151.00 | 470.00 | 621.00 | OK | |
r-patched-linux-x86_64 | 1.0.0 | 125.13 | 415.93 | 541.06 | OK | |
r-release-linux-x86_64 | 1.0.0 | 123.07 | 418.27 | 541.34 | OK | |
r-release-macos-arm64 | 1.0.0 | 177.00 | NOTE | |||
r-release-macos-x86_64 | 1.0.0 | 223.00 | NOTE | |||
r-release-windows-x86_64 | 1.0.0 | 170.00 | 482.00 | 652.00 | OK | |
r-oldrel-macos-arm64 | 1.0.0 | 157.00 | NOTE | |||
r-oldrel-macos-x86_64 | 1.0.0 | 217.00 | NOTE | |||
r-oldrel-windows-ix86+x86_64 | 1.0.0 | 338.00 | 633.00 | 971.00 | OK |
Version: 1.0.0
Check: whether package can be installed
Result: WARN
Found the following significant warnings:
soft_impute.cpp:49:8: warning: use of bitwise '&' with boolean operands [-Wbitwise-instead-of-logical]
Flavors: r-devel-linux-x86_64-debian-clang, r-devel-linux-x86_64-fedora-clang
Version: 1.0.0
Check: installed package size
Result: NOTE
installed size is 5.3Mb
sub-directories of 1Mb or more:
libs 4.8Mb
Flavors: r-release-macos-arm64, r-release-macos-x86_64, r-oldrel-macos-arm64, r-oldrel-macos-x86_64