CRAN Package Check Results for Package censusr

Last updated on 2022-05-16 06:52:20 CEST.

Flavor Version Tinstall Tcheck Ttotal Status Flags
r-devel-linux-x86_64-debian-clang 0.0.4 4.59 60.49 65.08 NOTE
r-devel-linux-x86_64-debian-gcc 0.0.4 4.26 45.44 49.70 NOTE
r-devel-linux-x86_64-fedora-clang 0.0.4 78.79 NOTE
r-devel-linux-x86_64-fedora-gcc 0.0.4 75.87 NOTE
r-devel-windows-x86_64 0.0.4 18.00 75.00 93.00 NOTE
r-patched-linux-x86_64 0.0.4 3.54 57.04 60.58 NOTE
r-release-linux-x86_64 0.0.4 4.05 56.59 60.64 NOTE
r-release-macos-arm64 0.0.4 24.00 NOTE
r-release-macos-x86_64 0.0.4 44.00 NOTE
r-release-windows-x86_64 0.0.4 15.00 76.00 91.00 NOTE
r-oldrel-macos-arm64 0.0.4 27.00 NOTE
r-oldrel-macos-x86_64 0.0.4 42.00 NOTE
r-oldrel-windows-ix86+x86_64 0.0.4 14.00 62.00 76.00 NOTE

Check Details

Version: 0.0.4
Check: LazyData
Result: NOTE
     'LazyData' is specified without a 'data' directory
Flavors: r-devel-linux-x86_64-debian-clang, r-devel-linux-x86_64-debian-gcc, r-devel-linux-x86_64-fedora-clang, r-devel-linux-x86_64-fedora-gcc, r-devel-windows-x86_64, r-patched-linux-x86_64, r-release-linux-x86_64, r-release-macos-arm64, r-release-macos-x86_64, r-release-windows-x86_64, r-oldrel-macos-arm64, r-oldrel-macos-x86_64, r-oldrel-windows-ix86+x86_64