CRAN Package Check Results for Package cellranger

Last updated on 2022-07-02 07:06:54 CEST.

Flavor Version Tinstall Tcheck Ttotal Status Flags
r-devel-linux-x86_64-debian-clang 1.1.0 3.21 33.55 36.76 NOTE
r-devel-linux-x86_64-debian-gcc 1.1.0 2.50 26.14 28.64 NOTE
r-devel-linux-x86_64-fedora-clang 1.1.0 55.13 NOTE
r-devel-linux-x86_64-fedora-gcc 1.1.0 53.97 NOTE
r-devel-windows-x86_64 1.1.0 22.00 62.00 84.00 NOTE
r-patched-linux-x86_64 1.1.0 2.54 32.37 34.91 NOTE
r-release-linux-x86_64 1.1.0 2.64 33.16 35.80 NOTE
r-release-macos-arm64 1.1.0 19.00 NOTE
r-release-macos-x86_64 1.1.0 27.00 NOTE
r-release-windows-x86_64 1.1.0 38.00 62.00 100.00 NOTE
r-oldrel-macos-arm64 1.1.0 25.00 NOTE
r-oldrel-macos-x86_64 1.1.0 33.00 NOTE
r-oldrel-windows-ix86+x86_64 1.1.0 7.00 55.00 62.00 NOTE

Check Details

Version: 1.1.0
Check: LazyData
Result: NOTE
     'LazyData' is specified without a 'data' directory
Flavors: r-devel-linux-x86_64-debian-clang, r-devel-linux-x86_64-debian-gcc, r-devel-linux-x86_64-fedora-clang, r-devel-linux-x86_64-fedora-gcc, r-devel-windows-x86_64, r-patched-linux-x86_64, r-release-linux-x86_64, r-release-macos-arm64, r-release-macos-x86_64, r-release-windows-x86_64, r-oldrel-macos-arm64, r-oldrel-macos-x86_64, r-oldrel-windows-ix86+x86_64