CRAN Package Check Results for Package cdrcR

Last updated on 2022-05-19 07:50:05 CEST.

Flavor Version Tinstall Tcheck Ttotal Status Flags
r-devel-linux-x86_64-debian-clang 0.0.1 3.76 40.87 44.63 OK
r-devel-linux-x86_64-debian-gcc 0.0.1 2.87 31.97 34.84 OK
r-devel-linux-x86_64-fedora-clang 0.0.1 54.97 NOTE
r-devel-linux-x86_64-fedora-gcc 0.0.1 53.60 NOTE
r-devel-windows-x86_64 0.0.1 10.00 60.00 70.00 OK
r-patched-linux-x86_64 0.0.1 4.02 39.99 44.01 OK
r-release-linux-x86_64 0.0.1 2.97 39.58 42.55 OK
r-release-macos-arm64 0.0.1 16.00 NOTE
r-release-macos-x86_64 0.0.1 33.00 NOTE
r-release-windows-x86_64 0.0.1 10.00 61.00 71.00 OK
r-oldrel-macos-arm64 0.0.1 27.00 NOTE
r-oldrel-macos-x86_64 0.0.1 25.00 NOTE
r-oldrel-windows-ix86+x86_64 0.0.1 11.00 47.00 58.00 OK

Check Details

Version: 0.0.1
Check: dependencies in R code
Result: NOTE
    Namespace in Imports field not imported from: ‘urltools’
     All declared Imports should be used.
Flavors: r-devel-linux-x86_64-fedora-clang, r-devel-linux-x86_64-fedora-gcc, r-release-macos-arm64, r-release-macos-x86_64, r-oldrel-macos-arm64, r-oldrel-macos-x86_64