CRAN Package Check Results for Package cdb

Last updated on 2022-07-04 06:51:19 CEST.

Flavor Version Tinstall Tcheck Ttotal Status Flags
r-devel-linux-x86_64-debian-clang 0.0.1 2.25 33.02 35.27 NOTE
r-devel-linux-x86_64-debian-gcc 0.0.1 1.74 23.39 25.13 NOTE
r-devel-linux-x86_64-fedora-clang 0.0.1 49.02 NOTE
r-devel-linux-x86_64-fedora-gcc 0.0.1 48.50 NOTE
r-devel-windows-x86_64 0.0.1 9.00 67.00 76.00 NOTE
r-patched-linux-x86_64 0.0.1 2.42 28.98 31.40 NOTE
r-release-linux-x86_64 0.0.1 2.14 28.88 31.02 NOTE
r-release-macos-arm64 0.0.1 18.00 NOTE
r-release-macos-x86_64 0.0.1 26.00 NOTE
r-release-windows-x86_64 0.0.1 5.00 66.00 71.00 NOTE
r-oldrel-macos-arm64 0.0.1 25.00 NOTE
r-oldrel-macos-x86_64 0.0.1 35.00 NOTE
r-oldrel-windows-ix86+x86_64 0.0.1 4.00 27.00 31.00 NOTE

Check Details

Version: 0.0.1
Check: dependencies in R code
Result: NOTE
    'library' or 'require' call to 'bitops' which was already attached by Depends.
     Please remove these calls from your code.
Flavors: r-devel-linux-x86_64-debian-clang, r-devel-linux-x86_64-debian-gcc, r-devel-linux-x86_64-fedora-clang, r-devel-linux-x86_64-fedora-gcc, r-devel-windows-x86_64, r-patched-linux-x86_64, r-release-linux-x86_64, r-release-macos-arm64, r-release-macos-x86_64, r-release-windows-x86_64, r-oldrel-macos-arm64, r-oldrel-macos-x86_64, r-oldrel-windows-ix86+x86_64

Version: 0.0.1
Check: for non-standard things in the check directory
Result: NOTE
    Found the following files/directories:
     'Base.txt'
Flavors: r-devel-linux-x86_64-debian-clang, r-devel-linux-x86_64-debian-gcc, r-devel-linux-x86_64-fedora-clang, r-devel-linux-x86_64-fedora-gcc, r-patched-linux-x86_64, r-release-linux-x86_64