CRAN Package Check Results for Package ccTensor

Last updated on 2022-08-14 07:54:33 CEST.

Flavor Version Tinstall Tcheck Ttotal Status Flags
r-devel-linux-x86_64-debian-clang 1.0.2 3.26 43.66 46.92 OK
r-devel-linux-x86_64-debian-gcc 1.0.2 3.15 33.63 36.78 OK
r-devel-linux-x86_64-fedora-clang 1.0.2 73.29 NOTE
r-devel-linux-x86_64-fedora-gcc 1.0.2 73.70 NOTE
r-devel-windows-x86_64 1.0.2 13.00 64.00 77.00 OK
r-patched-linux-x86_64 1.0.2 4.26 44.33 48.59 OK
r-release-linux-x86_64 1.0.2 4.22 42.63 46.85 OK
r-release-macos-arm64 1.0.2 23.00 NOTE
r-release-macos-x86_64 1.0.2 41.00 NOTE
r-release-windows-x86_64 1.0.2 14.00 69.00 83.00 OK
r-oldrel-macos-arm64 1.0.2 29.00 NOTE
r-oldrel-macos-x86_64 1.0.2 33.00 NOTE
r-oldrel-windows-ix86+x86_64 1.0.2 11.00 60.00 71.00 OK

Check Details

Version: 1.0.2
Check: dependencies in R code
Result: NOTE
    Namespace in Imports field not imported from: ‘fields’
     All declared Imports should be used.
Flavors: r-devel-linux-x86_64-fedora-clang, r-devel-linux-x86_64-fedora-gcc, r-release-macos-arm64, r-release-macos-x86_64, r-oldrel-macos-arm64, r-oldrel-macos-x86_64