CRAN Package Check Results for Package catseyes

Last updated on 2022-07-04 06:51:19 CEST.

Flavor Version Tinstall Tcheck Ttotal Status Flags
r-devel-linux-x86_64-debian-clang 0.2.5 2.30 24.25 26.55 NOTE
r-devel-linux-x86_64-debian-gcc 0.2.5 1.74 18.61 20.35 NOTE
r-devel-linux-x86_64-fedora-clang 0.2.5 43.43 NOTE
r-devel-linux-x86_64-fedora-gcc 0.2.5 41.63 NOTE
r-devel-windows-x86_64 0.2.5 15.00 49.00 64.00 NOTE
r-patched-linux-x86_64 0.2.5 2.34 23.66 26.00 NOTE
r-release-linux-x86_64 0.2.5 2.24 23.28 25.52 NOTE
r-release-macos-arm64 0.2.5 16.00 NOTE
r-release-macos-x86_64 0.2.5 25.00 NOTE
r-release-windows-x86_64 0.2.5 13.00 49.00 62.00 NOTE
r-oldrel-macos-arm64 0.2.5 27.00 NOTE
r-oldrel-macos-x86_64 0.2.5 30.00 NOTE
r-oldrel-windows-ix86+x86_64 0.2.5 5.00 38.00 43.00 NOTE

Check Details

Version: 0.2.5
Check: LazyData
Result: NOTE
     'LazyData' is specified without a 'data' directory
Flavors: r-devel-linux-x86_64-debian-clang, r-devel-linux-x86_64-debian-gcc, r-devel-linux-x86_64-fedora-clang, r-devel-linux-x86_64-fedora-gcc, r-devel-windows-x86_64, r-patched-linux-x86_64, r-release-linux-x86_64, r-release-macos-arm64, r-release-macos-x86_64, r-release-windows-x86_64, r-oldrel-macos-arm64, r-oldrel-macos-x86_64, r-oldrel-windows-ix86+x86_64