Last updated on 2022-05-18 06:50:37 CEST.
Flavor | Version | Tinstall | Tcheck | Ttotal | Status | Flags |
---|---|---|---|---|---|---|
r-devel-linux-x86_64-debian-clang | 0.9.0 | 5.01 | 144.92 | 149.93 | OK | |
r-devel-linux-x86_64-debian-gcc | 0.9.0 | 5.38 | 109.12 | 114.50 | OK | |
r-devel-linux-x86_64-fedora-clang | 0.9.0 | 169.73 | NOTE | |||
r-devel-linux-x86_64-fedora-gcc | 0.9.0 | 173.51 | NOTE | |||
r-devel-windows-x86_64 | 0.9.0 | 33.00 | 217.00 | 250.00 | NOTE | |
r-patched-linux-x86_64 | 0.9.0 | 4.05 | 139.28 | 143.33 | OK | |
r-release-linux-x86_64 | 0.9.0 | 3.90 | 137.71 | 141.61 | OK | |
r-release-macos-arm64 | 0.9.0 | 69.00 | NOTE | |||
r-release-macos-x86_64 | 0.9.0 | 102.00 | NOTE | |||
r-release-windows-x86_64 | 0.9.0 | 30.00 | 223.00 | 253.00 | NOTE | |
r-oldrel-macos-arm64 | 0.9.0 | 1082.00 | NOTE | |||
r-oldrel-macos-x86_64 | 0.9.0 | 92.00 | NOTE | |||
r-oldrel-windows-ix86+x86_64 | 0.9.0 | 12.00 | 151.00 | 163.00 | NOTE |
Version: 0.9.0
Check: installed package size
Result: NOTE
installed size is 37.5Mb
sub-directories of 1Mb or more:
doc 37.2Mb
Flavors: r-devel-linux-x86_64-fedora-clang, r-devel-windows-x86_64, r-release-macos-arm64, r-release-macos-x86_64, r-release-windows-x86_64, r-oldrel-macos-arm64, r-oldrel-macos-x86_64, r-oldrel-windows-ix86+x86_64
Version: 0.9.0
Check: dependencies in R code
Result: NOTE
Namespaces in Imports field not imported from:
‘lubridate’ ‘tidyverse’
All declared Imports should be used.
Flavors: r-devel-linux-x86_64-fedora-clang, r-devel-linux-x86_64-fedora-gcc, r-release-macos-arm64, r-release-macos-x86_64, r-oldrel-macos-arm64, r-oldrel-macos-x86_64