Last updated on 2022-05-21 07:55:19 CEST.
Flavor | Version | Tinstall | Tcheck | Ttotal | Status | Flags |
---|---|---|---|---|---|---|
r-devel-linux-x86_64-debian-clang | 0.1.4 | 12.36 | 122.00 | 134.36 | NOTE | |
r-devel-linux-x86_64-debian-gcc | 0.1.4 | 11.11 | 89.56 | 100.67 | NOTE | |
r-devel-linux-x86_64-fedora-clang | 0.1.4 | 157.62 | NOTE | |||
r-devel-linux-x86_64-fedora-gcc | 0.1.4 | 162.82 | NOTE | |||
r-devel-windows-x86_64 | 0.1.4 | 25.00 | 134.00 | 159.00 | NOTE | |
r-patched-linux-x86_64 | 0.1.4 | 8.29 | 111.92 | 120.21 | NOTE | |
r-release-linux-x86_64 | 0.1.4 | 7.80 | 112.22 | 120.02 | NOTE | |
r-release-macos-arm64 | 0.1.4 | 41.00 | NOTE | |||
r-release-macos-x86_64 | 0.1.4 | 77.00 | NOTE | |||
r-release-windows-x86_64 | 0.1.4 | 23.00 | 142.00 | 165.00 | NOTE | |
r-oldrel-macos-arm64 | 0.1.4 | 50.00 | NOTE | |||
r-oldrel-macos-x86_64 | 0.1.4 | 91.00 | NOTE | |||
r-oldrel-windows-ix86+x86_64 | 0.1.4 | 31.00 | 127.00 | 158.00 | NOTE |
Version: 0.1.4
Check: LazyData
Result: NOTE
'LazyData' is specified without a 'data' directory
Flavors: r-devel-linux-x86_64-debian-clang, r-devel-linux-x86_64-debian-gcc, r-devel-linux-x86_64-fedora-clang, r-devel-linux-x86_64-fedora-gcc, r-devel-windows-x86_64, r-patched-linux-x86_64, r-release-linux-x86_64, r-release-macos-arm64, r-release-macos-x86_64, r-release-windows-x86_64, r-oldrel-macos-arm64, r-oldrel-macos-x86_64, r-oldrel-windows-ix86+x86_64
Version: 0.1.4
Check: dependencies in R code
Result: NOTE
Namespaces in Imports field not imported from:
‘broom’ ‘epitools’
All declared Imports should be used.
Flavors: r-devel-linux-x86_64-fedora-clang, r-devel-linux-x86_64-fedora-gcc, r-release-macos-arm64, r-release-macos-x86_64, r-oldrel-macos-arm64, r-oldrel-macos-x86_64