CRAN Package Check Results for Package catdata

Last updated on 2022-05-18 06:50:37 CEST.

Flavor Version Tinstall Tcheck Ttotal Status Flags
r-devel-linux-x86_64-debian-clang 1.2.2 3.42 430.08 433.50 NOTE
r-devel-linux-x86_64-debian-gcc 1.2.2 2.48 311.56 314.04 NOTE
r-devel-linux-x86_64-fedora-clang 1.2.2 536.00 NOTE
r-devel-linux-x86_64-fedora-gcc 1.2.2 521.28 NOTE
r-devel-windows-x86_64 1.2.2 84.00 1090.00 1174.00 NOTE
r-patched-linux-x86_64 1.2.2 4.14 400.21 404.35 NOTE
r-release-linux-x86_64 1.2.2 3.58 384.91 388.49 NOTE
r-release-macos-arm64 1.2.2 255.00 NOTE
r-release-macos-x86_64 1.2.2 601.00 NOTE
r-release-windows-x86_64 1.2.2 86.00 1003.00 1089.00 NOTE
r-oldrel-macos-arm64 1.2.2 252.00 NOTE
r-oldrel-macos-x86_64 1.2.2 716.00 NOTE
r-oldrel-windows-ix86+x86_64 1.2.2 11.00 210.00 221.00 OK

Check Details

Version: 1.2.2
Check: package dependencies
Result: NOTE
    Package suggested but not available for checking: 'GAMBoost'
Flavors: r-devel-linux-x86_64-debian-clang, r-devel-linux-x86_64-debian-gcc, r-devel-linux-x86_64-fedora-clang, r-devel-linux-x86_64-fedora-gcc, r-devel-windows-x86_64, r-patched-linux-x86_64, r-release-linux-x86_64, r-release-macos-arm64, r-release-macos-x86_64, r-release-windows-x86_64, r-oldrel-macos-arm64, r-oldrel-macos-x86_64