CRAN Package Check Results for Package carrier

Last updated on 2022-05-17 07:53:00 CEST.

Flavor Version Tinstall Tcheck Ttotal Status Flags
r-devel-linux-x86_64-debian-clang 0.1.0 1.93 38.60 40.53 NOTE
r-devel-linux-x86_64-debian-gcc 0.1.0 1.75 29.60 31.35 NOTE
r-devel-linux-x86_64-fedora-clang 0.1.0 49.03 NOTE
r-devel-linux-x86_64-fedora-gcc 0.1.0 47.63 NOTE
r-devel-windows-x86_64 0.1.0 12.00 54.00 66.00 NOTE
r-patched-linux-x86_64 0.1.0 2.71 36.97 39.68 NOTE
r-release-linux-x86_64 0.1.0 2.61 36.32 38.93 NOTE
r-release-macos-arm64 0.1.0 18.00 NOTE
r-release-macos-x86_64 0.1.0 25.00 NOTE
r-release-windows-x86_64 0.1.0 12.00 55.00 67.00 NOTE
r-oldrel-macos-arm64 0.1.0 22.00 NOTE
r-oldrel-macos-x86_64 0.1.0 31.00 NOTE
r-oldrel-windows-ix86+x86_64 0.1.0 8.00 48.00 56.00 NOTE

Check Details

Version: 0.1.0
Check: LazyData
Result: NOTE
     'LazyData' is specified without a 'data' directory
Flavors: r-devel-linux-x86_64-debian-clang, r-devel-linux-x86_64-debian-gcc, r-devel-linux-x86_64-fedora-clang, r-devel-linux-x86_64-fedora-gcc, r-devel-windows-x86_64, r-patched-linux-x86_64, r-release-linux-x86_64, r-release-macos-arm64, r-release-macos-x86_64, r-release-windows-x86_64, r-oldrel-macos-arm64, r-oldrel-macos-x86_64, r-oldrel-windows-ix86+x86_64