CRAN Package Check Results for Package captr

Last updated on 2022-05-21 07:55:19 CEST.

Flavor Version Tinstall Tcheck Ttotal Status Flags
r-devel-linux-x86_64-debian-clang 0.3.0 3.33 39.03 42.36 NOTE
r-devel-linux-x86_64-debian-gcc 0.3.0 2.43 30.59 33.02 NOTE
r-devel-linux-x86_64-fedora-clang 0.3.0 50.72 NOTE
r-devel-linux-x86_64-fedora-gcc 0.3.0 48.91 NOTE
r-devel-windows-x86_64 0.3.0 38.00 62.00 100.00 NOTE
r-patched-linux-x86_64 0.3.0 3.73 38.12 41.85 NOTE
r-release-linux-x86_64 0.3.0 3.11 37.79 40.90 NOTE
r-release-macos-arm64 0.3.0 20.00 NOTE
r-release-macos-x86_64 0.3.0 28.00 NOTE
r-release-windows-x86_64 0.3.0 37.00 61.00 98.00 NOTE
r-oldrel-macos-arm64 0.3.0 23.00 NOTE
r-oldrel-macos-x86_64 0.3.0 38.00 NOTE
r-oldrel-windows-ix86+x86_64 0.3.0 7.00 49.00 56.00 NOTE

Check Details

Version: 0.3.0
Check: LazyData
Result: NOTE
     'LazyData' is specified without a 'data' directory
Flavors: r-devel-linux-x86_64-debian-clang, r-devel-linux-x86_64-debian-gcc, r-devel-linux-x86_64-fedora-clang, r-devel-linux-x86_64-fedora-gcc, r-devel-windows-x86_64, r-patched-linux-x86_64, r-release-linux-x86_64, r-release-macos-arm64, r-release-macos-x86_64, r-release-windows-x86_64, r-oldrel-macos-arm64, r-oldrel-macos-x86_64, r-oldrel-windows-ix86+x86_64