Last updated on 2022-05-27 07:50:00 CEST.
Flavor | Version | Tinstall | Tcheck | Ttotal | Status | Flags |
---|---|---|---|---|---|---|
r-devel-linux-x86_64-debian-clang | 2.2.0 | 56.12 | 472.76 | 528.88 | OK | |
r-devel-linux-x86_64-debian-gcc | 2.2.0 | 39.97 | 343.06 | 383.03 | OK | |
r-devel-linux-x86_64-fedora-clang | 2.2.0 | 602.53 | NOTE | |||
r-devel-linux-x86_64-fedora-gcc | 2.2.0 | 595.84 | OK | |||
r-devel-windows-x86_64 | 2.2.0 | 1345.00 | 426.00 | 1771.00 | NOTE | |
r-patched-linux-x86_64 | 2.2.0 | 54.27 | 435.96 | 490.23 | OK | |
r-release-linux-x86_64 | 2.2.0 | 48.96 | 438.94 | 487.90 | OK | |
r-release-macos-arm64 | 2.2.0 | 125.00 | NOTE | |||
r-release-macos-x86_64 | 2.2.0 | 181.00 | NOTE | |||
r-release-windows-x86_64 | 2.2.0 | 1097.00 | 404.00 | 1501.00 | NOTE | |
r-oldrel-macos-arm64 | 2.2.0 | 116.00 | NOTE | |||
r-oldrel-macos-x86_64 | 2.2.0 | 175.00 | NOTE | |||
r-oldrel-windows-ix86+x86_64 | 2.2.0 | 105.00 | 456.00 | 561.00 | NOTE |
Version: 2.2.0
Check: installed package size
Result: NOTE
installed size is 7.3Mb
sub-directories of 1Mb or more:
doc 2.2Mb
pictures 4.2Mb
Flavors: r-devel-linux-x86_64-fedora-clang, r-devel-windows-x86_64, r-release-macos-arm64, r-release-macos-x86_64, r-release-windows-x86_64, r-oldrel-macos-arm64, r-oldrel-macos-x86_64, r-oldrel-windows-ix86+x86_64
Version: 2.2.0
Check: Rd cross-references
Result: NOTE
Undeclared package ‘plotrix’ in Rd xrefs
Flavor: r-devel-linux-x86_64-fedora-clang