CRAN Package Check Results for Package calendR

Last updated on 2022-08-15 06:49:03 CEST.

Flavor Version Tinstall Tcheck Ttotal Status Flags
r-devel-linux-x86_64-debian-clang 1.1 9.01 73.97 82.98 NOTE
r-devel-linux-x86_64-debian-gcc 1.1 6.35 54.61 60.96 NOTE
r-devel-linux-x86_64-fedora-clang 1.1 108.10 NOTE
r-devel-linux-x86_64-fedora-gcc 1.1 110.26 NOTE
r-devel-windows-x86_64 1.1 11.00 92.00 103.00 NOTE
r-patched-linux-x86_64 1.1 5.74 69.75 75.49 NOTE
r-release-linux-x86_64 1.1 7.12 68.57 75.69 NOTE
r-release-macos-arm64 1.1 30.00 NOTE
r-release-macos-x86_64 1.1 60.00 NOTE
r-release-windows-x86_64 1.1 13.00 92.00 105.00 NOTE
r-oldrel-macos-arm64 1.1 32.00 NOTE
r-oldrel-macos-x86_64 1.1 43.00 NOTE
r-oldrel-windows-ix86+x86_64 1.1 19.00 89.00 108.00 NOTE

Check Details

Version: 1.1
Check: LazyData
Result: NOTE
     'LazyData' is specified without a 'data' directory
Flavors: r-devel-linux-x86_64-debian-clang, r-devel-linux-x86_64-debian-gcc, r-devel-linux-x86_64-fedora-clang, r-devel-linux-x86_64-fedora-gcc, r-devel-windows-x86_64, r-patched-linux-x86_64, r-release-linux-x86_64, r-release-macos-arm64, r-release-macos-x86_64, r-release-windows-x86_64, r-oldrel-macos-arm64, r-oldrel-macos-x86_64, r-oldrel-windows-ix86+x86_64