CRAN Package Check Results for Package brr

Last updated on 2022-08-15 06:49:03 CEST.

Flavor Version Tinstall Tcheck Ttotal Status Flags
r-devel-linux-x86_64-debian-clang 1.0.0 6.50 75.81 82.31 NOTE
r-devel-linux-x86_64-debian-gcc 1.0.0 3.96 56.88 60.84 NOTE
r-devel-linux-x86_64-fedora-clang 1.0.0 109.31 NOTE
r-devel-linux-x86_64-fedora-gcc 1.0.0 108.60 NOTE
r-devel-windows-x86_64 1.0.0 29.00 111.00 140.00 NOTE
r-patched-linux-x86_64 1.0.0 7.31 73.57 80.88 OK
r-release-linux-x86_64 1.0.0 5.72 73.53 79.25 OK
r-release-macos-arm64 1.0.0 31.00 OK
r-release-macos-x86_64 1.0.0 47.00 OK
r-release-windows-x86_64 1.0.0 31.00 113.00 144.00 OK
r-oldrel-macos-arm64 1.0.0 43.00 OK
r-oldrel-macos-x86_64 1.0.0 63.00 OK
r-oldrel-windows-ix86+x86_64 1.0.0 12.00 106.00 118.00 OK

Check Details

Version: 1.0.0
Check: Rd files
Result: NOTE
    checkRd: (-1) brr-package.Rd:33: Escaped LaTeX specials: \&
Flavors: r-devel-linux-x86_64-debian-clang, r-devel-linux-x86_64-debian-gcc, r-devel-linux-x86_64-fedora-clang, r-devel-linux-x86_64-fedora-gcc, r-devel-windows-x86_64