CRAN Package Check Results for Package brolgar

Last updated on 2022-01-26 06:50:08 CET.

Flavor Version Tinstall Tcheck Ttotal Status Flags
r-devel-linux-x86_64-debian-clang 0.1.2 10.62 268.21 278.83 OK
r-devel-linux-x86_64-debian-gcc 0.1.2 6.06 191.04 197.10 OK
r-devel-linux-x86_64-fedora-clang 0.1.2 319.36 OK
r-devel-linux-x86_64-fedora-gcc 0.1.2 301.55 OK
r-devel-windows-x86_64-new-UL 0.1.2 138.00 304.00 442.00 OK
r-devel-windows-x86_64-new-TK 0.1.2 WARN
r-patched-linux-x86_64 0.1.2 6.41 252.02 258.43 OK
r-release-linux-x86_64 0.1.2 7.98 248.41 256.39 OK
r-release-macos-arm64 0.1.2 OK
r-release-macos-x86_64 0.1.2 OK
r-release-windows-ix86+x86_64 0.1.2 23.00 298.00 321.00 OK
r-oldrel-macos-x86_64 0.1.2 OK
r-oldrel-windows-ix86+x86_64 0.1.2 22.00 312.00 334.00 OK

Check Details

Version: 0.1.2
Check: package dependencies
Result: NOTE
    Package suggested but not available for checking: 'lme4'
Flavor: r-devel-windows-x86_64-new-TK

Version: 0.1.2
Check: re-building of vignette outputs
Result: WARN
    Error(s) in re-building vignettes:
    --- re-building 'exploratory-modelling.Rmd' using rmarkdown
    
    Attaching package: 'dplyr'
    
    The following objects are masked from 'package:stats':
    
     filter, lag
    
    The following objects are masked from 'package:base':
    
     intersect, setdiff, setequal, union
    
    Loading required package: ggplot2
    Warning: Tried to calculate with group_by(), but the calculation failed.
    Falling back to ungrouped filter operation...
    label_key: id
    Too many data series, skip labeling
    --- finished re-building 'exploratory-modelling.Rmd'
    
    --- re-building 'finding-features.Rmd' using rmarkdown
    Warning: Tried to calculate with group_by(), but the calculation failed.
    Falling back to ungrouped filter operation...
    label_key: id
    Too many data series, skip labeling
    New names:
    * min -> min...1
    * med -> med...2
    * max -> max...3
    * min -> min...4
    * q25 -> q25...5
    * ...
    --- finished re-building 'finding-features.Rmd'
    
    --- re-building 'getting-started.Rmd' using rmarkdown
    `stat_bin()` using `bins = 30`. Pick better value with `binwidth`.
    Warning: Tried to calculate with group_by(), but the calculation failed.
    Falling back to ungrouped filter operation...
    label_key: id
    Too many data series, skip labeling
    Warning: Tried to calculate with group_by(), but the calculation failed.
    Falling back to ungrouped filter operation...
    label_key: id
    Too many data series, skip labeling
    --- finished re-building 'getting-started.Rmd'
    
    --- re-building 'id-interesting-obs.Rmd' using rmarkdown
    Warning: Tried to calculate with group_by(), but the calculation failed.
    Falling back to ungrouped filter operation...
    label_key: id
    --- finished re-building 'id-interesting-obs.Rmd'
    
    --- re-building 'longitudinal-data-structures.Rmd' using rmarkdown
    --- finished re-building 'longitudinal-data-structures.Rmd'
    
    --- re-building 'mixed-effects-models.Rmd' using rmarkdown
    Quitting from lines 20-25 (mixed-effects-models.Rmd)
    Error: processing vignette 'mixed-effects-models.Rmd' failed with diagnostics:
    there is no package called 'lme4'
    --- failed re-building 'mixed-effects-models.Rmd'
    
    --- re-building 'visualisation-gallery.Rmd' using rmarkdown
    Warning: Tried to calculate with group_by(), but the calculation failed.
    Falling back to ungrouped filter operation...
    label_key: id
    Too many data series, skip labeling
    Warning: Tried to calculate with group_by(), but the calculation failed.
    Falling back to ungrouped filter operation...
    label_key: id
    Too many data series, skip labeling
    Warning: Tried to calculate with group_by(), but the calculation failed.
    Falling back to ungrouped filter operation...
    label_key: id
    Too many data series, skip labeling
    geom_path: Each group consists of only one observation. Do you need to adjust
    the group aesthetic?
    --- finished re-building 'visualisation-gallery.Rmd'
    
    SUMMARY: processing the following file failed:
     'mixed-effects-models.Rmd'
    
    Error: Vignette re-building failed.
    Execution halted
Flavor: r-devel-windows-x86_64-new-TK