CRAN Package Check Results for Package brokenstick

Last updated on 2022-01-26 06:50:08 CET.

Flavor Version Tinstall Tcheck Ttotal Status Flags
r-devel-linux-x86_64-debian-clang 2.0.0 14.42 543.37 557.79 OK
r-devel-linux-x86_64-debian-gcc 2.0.0 11.57 379.14 390.71 OK
r-devel-linux-x86_64-fedora-clang 2.0.0 628.54 OK
r-devel-linux-x86_64-fedora-gcc 2.0.0 617.87 OK
r-devel-windows-x86_64-new-UL 2.0.0 101.00 533.00 634.00 OK
r-devel-windows-x86_64-new-TK 2.0.0 ERROR
r-patched-linux-x86_64 2.0.0 12.76 497.08 509.84 OK
r-release-linux-x86_64 2.0.0 9.81 499.20 509.01 OK
r-release-macos-arm64 2.0.0 OK
r-release-macos-x86_64 2.0.0 OK
r-release-windows-ix86+x86_64 2.0.0 30.00 560.00 590.00 OK
r-oldrel-macos-x86_64 2.0.0 OK
r-oldrel-windows-ix86+x86_64 2.0.0 28.00 564.00 592.00 OK

Check Details

Version: 2.0.0
Check: package dependencies
Result: ERROR
    Package required but not available: 'lme4'
    
    See section 'The DESCRIPTION file' in the 'Writing R Extensions'
    manual.
Flavor: r-devel-windows-x86_64-new-TK