CRAN Package Check Results for Package briskaR

Last updated on 2022-01-23 07:13:53 CET.

Flavor Version Tinstall Tcheck Ttotal Status Flags
r-devel-linux-x86_64-debian-clang 1.0.4 78.92 320.49 399.41 OK
r-devel-linux-x86_64-debian-gcc 1.0.4 69.07 256.78 325.85 OK
r-devel-linux-x86_64-fedora-clang 1.0.4 509.93 NOTE
r-devel-linux-x86_64-fedora-gcc 1.0.4 486.42 OK
r-devel-windows-x86_64-new-UL 1.0.4 120.00 345.00 465.00 OK
r-devel-windows-x86_64-new-TK 1.0.4 OK
r-patched-linux-x86_64 1.0.4 80.59 306.34 386.93 OK
r-release-linux-x86_64 1.0.4 79.36 308.26 387.62 OK
r-release-macos-arm64 1.0.4 NOTE
r-release-macos-x86_64 1.0.4 NOTE
r-release-windows-ix86+x86_64 1.0.4 198.00 469.00 667.00 OK
r-oldrel-macos-x86_64 1.0.4 NOTE
r-oldrel-windows-ix86+x86_64 1.0.4 203.00 9.00 212.00 ERROR

Check Details

Version: 1.0.4
Check: installed package size
Result: NOTE
     installed size is 6.6Mb
     sub-directories of 1Mb or more:
     doc 1.1Mb
     libs 5.0Mb
Flavors: r-devel-linux-x86_64-fedora-clang, r-release-macos-arm64, r-release-macos-x86_64, r-oldrel-macos-x86_64

Version: 1.0.4
Check: whether package can be installed
Result: ERROR
    Installation failed.
Flavor: r-oldrel-windows-ix86+x86_64