Last updated on 2022-07-05 07:50:50 CEST.
Flavor | Version | Tinstall | Tcheck | Ttotal | Status | Flags |
---|---|---|---|---|---|---|
r-devel-linux-x86_64-debian-clang | 3.0.0 | 33.22 | 146.34 | 179.56 | NOTE | |
r-devel-linux-x86_64-debian-gcc | 3.0.0 | 25.33 | 107.84 | 133.17 | NOTE | |
r-devel-linux-x86_64-fedora-clang | 3.0.0 | 217.66 | NOTE | |||
r-devel-linux-x86_64-fedora-gcc | 3.0.0 | 217.67 | NOTE | |||
r-devel-windows-x86_64 | 3.0.0 | 107.00 | 167.00 | 274.00 | OK | |
r-patched-linux-x86_64 | 3.0.0 | 27.64 | 136.38 | 164.02 | NOTE | |
r-release-linux-x86_64 | 3.0.0 | 25.20 | 135.72 | 160.92 | NOTE | |
r-release-macos-arm64 | 3.0.0 | 59.00 | NOTE | |||
r-release-macos-x86_64 | 3.0.0 | 78.00 | NOTE | |||
r-release-windows-x86_64 | 3.0.0 | 123.00 | 171.00 | 294.00 | OK | |
r-oldrel-macos-arm64 | 3.0.0 | 66.00 | NOTE | |||
r-oldrel-macos-x86_64 | 3.0.0 | 100.00 | OK | |||
r-oldrel-windows-ix86+x86_64 | 3.0.0 | 48.00 | 160.00 | 208.00 | OK |
Version: 3.0.0
Check: package dependencies
Result: NOTE
Packages suggested but not available for checking: 'RGtk2', 'cairoDevice'
Flavors: r-devel-linux-x86_64-debian-clang, r-devel-linux-x86_64-debian-gcc, r-devel-linux-x86_64-fedora-clang, r-devel-linux-x86_64-fedora-gcc, r-patched-linux-x86_64, r-release-linux-x86_64, r-release-macos-arm64, r-release-macos-x86_64, r-oldrel-macos-arm64