CRAN Package Check Results for Package bpca

Last updated on 2022-08-11 07:51:40 CEST.

Flavor Version Tinstall Tcheck Ttotal Status Flags
r-devel-linux-x86_64-debian-clang 1.3-4 4.65 50.22 54.87 NOTE
r-devel-linux-x86_64-debian-gcc 1.3-4 3.95 38.54 42.49 NOTE
r-devel-linux-x86_64-fedora-clang 1.3-4 76.66 NOTE
r-devel-linux-x86_64-fedora-gcc 1.3-4 75.87 NOTE
r-devel-windows-x86_64 1.3-4 15.00 87.00 102.00 NOTE
r-patched-linux-x86_64 1.3-4 6.11 47.54 53.65 OK
r-release-linux-x86_64 1.3-4 OK
r-release-macos-arm64 1.3-4 25.00 OK
r-release-macos-x86_64 1.3-4 33.00 OK
r-release-windows-x86_64 1.3-4 15.00 89.00 104.00 OK
r-oldrel-macos-arm64 1.3-4 35.00 OK
r-oldrel-macos-x86_64 1.3-4 46.00 OK
r-oldrel-windows-ix86+x86_64 1.3-4 12.00 76.00 88.00 OK

Check Details

Version: 1.3-4
Check: Rd files
Result: NOTE
    checkRd: (-1) bpca.Rd:85: Escaped LaTeX specials: \&
Flavors: r-devel-linux-x86_64-debian-clang, r-devel-linux-x86_64-debian-gcc, r-devel-linux-x86_64-fedora-clang, r-devel-linux-x86_64-fedora-gcc, r-devel-windows-x86_64