CRAN Package Check Results for Package bpbounds

Last updated on 2022-05-16 06:52:19 CEST.

Flavor Version Tinstall Tcheck Ttotal Status Flags
r-devel-linux-x86_64-debian-clang 0.1.4 3.26 45.29 48.55 NOTE
r-devel-linux-x86_64-debian-gcc 0.1.4 2.38 34.34 36.72 NOTE
r-devel-linux-x86_64-fedora-clang 0.1.4 57.10 NOTE
r-devel-linux-x86_64-fedora-gcc 0.1.4 55.31 NOTE
r-devel-windows-x86_64 0.1.4 18.00 60.00 78.00 NOTE
r-patched-linux-x86_64 0.1.4 3.23 43.74 46.97 NOTE
r-release-linux-x86_64 0.1.4 3.13 42.75 45.88 NOTE
r-release-macos-arm64 0.1.4 17.00 NOTE
r-release-macos-x86_64 0.1.4 30.00 NOTE
r-release-windows-x86_64 0.1.4 18.00 63.00 81.00 NOTE
r-oldrel-macos-arm64 0.1.4 26.00 NOTE
r-oldrel-macos-x86_64 0.1.4 36.00 NOTE
r-oldrel-windows-ix86+x86_64 0.1.4 7.00 55.00 62.00 NOTE

Check Details

Version: 0.1.4
Check: LazyData
Result: NOTE
     'LazyData' is specified without a 'data' directory
Flavors: r-devel-linux-x86_64-debian-clang, r-devel-linux-x86_64-debian-gcc, r-devel-linux-x86_64-fedora-clang, r-devel-linux-x86_64-fedora-gcc, r-devel-windows-x86_64, r-patched-linux-x86_64, r-release-linux-x86_64, r-release-macos-arm64, r-release-macos-x86_64, r-release-windows-x86_64, r-oldrel-macos-arm64, r-oldrel-macos-x86_64, r-oldrel-windows-ix86+x86_64