Last updated on 2022-05-27 07:50:00 CEST.
Flavor | Version | Tinstall | Tcheck | Ttotal | Status | Flags |
---|---|---|---|---|---|---|
r-devel-linux-x86_64-debian-clang | 1.5 | 19.77 | 180.44 | 200.21 | OK | |
r-devel-linux-x86_64-debian-gcc | 1.5 | 13.97 | 134.77 | 148.74 | OK | |
r-devel-linux-x86_64-fedora-clang | 1.5 | 250.22 | NOTE | |||
r-devel-linux-x86_64-fedora-gcc | 1.5 | 244.73 | OK | |||
r-devel-windows-x86_64 | 1.5 | 24.00 | 194.00 | 218.00 | OK | |
r-patched-linux-x86_64 | 1.5 | 17.40 | 167.51 | 184.91 | OK | |
r-release-linux-x86_64 | 1.5 | 19.12 | 171.55 | 190.67 | OK | |
r-release-macos-arm64 | 1.5 | 46.00 | OK | |||
r-release-macos-x86_64 | 1.5 | 109.00 | OK | |||
r-release-windows-x86_64 | 1.5 | 33.00 | 193.00 | 226.00 | OK | |
r-oldrel-macos-arm64 | 1.5 | 52.00 | OK | |||
r-oldrel-macos-x86_64 | 1.5 | 86.00 | OK | |||
r-oldrel-windows-ix86+x86_64 | 1.5 | 33.00 | 184.00 | 217.00 | OK |
Version: 1.5
Check: Rd cross-references
Result: NOTE
Undeclared package ‘psych’ in Rd xrefs
Flavor: r-devel-linux-x86_64-fedora-clang